E/MediaPlayer( 6763): error (-38, 0)
E/MediaPlayer( 6763): Error (-38,0)
E/MediaPlayer( 6763): Attempt to perform seekTo in wrong state: mPlayer=0x1635e0, mCurrentState=0
E/MediaPlayer( 6763): error (-38, 0)
E/MediaPlayer( 6763): Error (-38,0)
E/MediaPlayer( 6763): Attempt to perform seekTo in wrong state: mPlayer=0x1635e0, mCurrentState=0
E/MediaPlayer( 6763): error (-38, 0)
E/MediaPlayer( 6763): Error (-38,0)
E/MediaPlayer( 6763): Attempt to perform seekTo in wrong state: mPlayer=0x1635e0, mCurrentState=0
E/MediaPlayer( 6763): error (-38, 0)
E/MediaPlayer( 6763): Error (-38,0)
E/MediaPlayer( 6763): Attempt to perform seekTo in wrong state: mPlayer=0x1635e0, mCurrentState=0
E/MediaPlayer( 6763): error (-38, 0)
E/MediaPlayer( 6763): Error (-38,0)
E/MediaPlayer( 6763): Attempt to perform seekTo in wrong state: mPlayer=0x1635e0, mCurrentState=0
E/MediaPlayer( 6763): error (-38, 0)
E/MediaPlayer( 6763): Error (-38,0)
E/MediaPlayer( 6763): Attempt to perform seekTo in wrong state: mPlayer=0x1635e0, mCurrentState=0
E/MediaPlayer( 6763): error (-38, 0)
E/MediaPlayer( 6763): Error (-38,0)
E/MediaPlayer( 6763): Attempt to perform seekTo in wrong state: mPlayer=0x1635e0, mCurrentState=0
E/MediaPlayer( 6763): error (-38, 0)
E/MediaPlayer( 6763): Error (-38,0)
E/MediaPlayer( 6763): Attempt to perform seekTo in wrong state: mPlayer=0x1635e0, mCurrentState=0
E/MediaPlayer( 6763): error (-38, 0)
E/MediaPlayer( 6763): Error (-38,0)
E/MediaPlayer( 6763): Attempt to perform seekTo in wrong state: mPlayer=0x1635e0, mCurrentState=0
E/MediaPlayer( 6763): error (-38, 0)
E/MediaPlayer( 6763): Error (-38,0)
E/MediaPlayer( 6763): Attempt to perform seekTo in wrong state: mPlayer=0x1635e0, mCurrentState=0
E/MediaPlayer( 6763): error (-38, 0)
E/MediaPlayer( 6763): Error (-38,0)
E/MediaPlayer( 6763): Attempt to perform seekTo in wrong state: mPlayer=0x1635e0, mCurrentState=0
E/MediaPlayer( 6763): error (-38, 0)
E/MediaPlayer( 6763): Error (-38,0)
E/MediaPlayer( 6763): Attempt to perform seekTo in wrong state: mPlayer=0x1635e0, mCurrentState=0
E/MediaPlayer( 6763): error (-38, 0)
E/MediaPlayer( 6763): Error (-38,0)
E/MediaPlayer( 6763): Attempt to perform seekTo in wrong state: mPlayer=0x1635e0, mCurrentState=0
E/MediaPlayer( 6763): error (-38, 0)
E/MediaPlayer( 6763): Error (-38,0)
E/MediaPlayer( 6763): Attempt to perform seekTo in wrong state: mPlayer=0x1635e0, mCurrentState=0
E/MediaPlayer( 6763): error (-38, 0)
E/MediaPlayer( 6763): Error (-38,0)
E/MediaPlayer( 6763): Attempt to perform seekTo in wrong state: mPlayer=0x1635e0, mCurrentState=0
E/MediaPlayer( 6763): error (-38, 0)
E/MediaPlayer( 6763): Error (-38,0)
E/MediaPlayer( 6763): Attempt to perform seekTo in wrong state: mPlayer=0x1635e0, mCurrentState=0
E/MediaPlayer( 6763): error (-38, 0)
E/MediaPlayer( 6763): Error (-38,0)
E/MediaPlayer( 6763): Attempt to perform seekTo in wrong state: mPlayer=0x1635e0, mCurrentState=0
E/MediaPlayer( 6763): error (-38, 0)
E/MediaPlayer( 6763): Error (-38,0)
E/MediaPlayer( 6763): Attempt to perform seekTo in wrong state: mPlayer=0x1635e0, mCurrentState=0
E/MediaPlayer( 6763): error (-38, 0)
E/MediaPlayer( 6763): Error (-38,0)
E/MediaPlayer( 6763): Attempt to perform seekTo in wrong state: mPlayer=0x1635e0, mCurrentState=0
E/MediaPlayer( 6763): error (-38, 0)
E/MediaPlayer( 6763): Error (-38,0)
E/MediaPlayer( 6763): Attempt to perform seekTo in wrong state: mPlayer=0x1635e0, mCurrentState=0
E/MediaPlayer( 6763): error (-38, 0)
E/MediaPlayer( 6763): Error (-38,0)
E/MediaPlayer( 6763): Attempt to perform seekTo in wrong state: mPlayer=0x1635e0, mCurrentState=0
E/MediaPlayer( 6763): error (-38, 0)
E/MediaPlayer( 6763): Error (-38,0)
E/MediaPlayer( 6763): Attempt to perform seekTo in wrong state: mPlayer=0x1635e0, mCurrentState=0
E/MediaPlayer( 6763): error (-38, 0)
E/MediaPlayer( 6763): Error (-38,0)
E/MediaPlayer( 6763): Attempt to perform seekTo in wrong state: mPlayer=0x1635e0, mCurrentState=0
E/MediaPlayer( 6763): error (-38, 0)
E/MediaPlayer( 6763): Error (-38,0)
E/MediaPlayer( 6763): Attempt to perform seekTo in wrong state: mPlayer=0x1635e0, mCurrentState=0
E/MediaPlayer( 6763): error (-38, 0)
E/MediaPlayer( 6763): Error (-38,0)
E/MediaPlayer( 6763): Attempt to perform seekTo in wrong state: mPlayer=0x1635e0, mCurrentState=0
E/MediaPlayer( 6763): error (-38, 0)
E/MediaPlayer( 6763): Error (-38,0)
E/MediaPlayer( 6763): Attempt to perform seekTo in wrong state: mPlayer=0x1635e0, mCurrentState=0
E/MediaPlayer( 6763): error (-38, 0)
E/MediaPlayer( 6763): Error (-38,0)
E/MediaPlayer( 6763): Attempt to perform seekTo in wrong state: mPlayer=0x1635e0, mCurrentState=0
E/MediaPlayer( 6763): error (-38, 0)
E/MediaPlayer( 6763): Error (-38,0)
E/MediaPlayer( 6763): Attempt to perform seekTo in wrong state: mPlayer=0x1635e0, mCurrentState=0
E/MediaPlayer( 6763): error (-38, 0)
D/szipinf ( 7077): Initializing inflate state
D/dalvikvm( 7077): GC_EXTERNAL_ALLOC freed 44K, 54% free 2516K/5379K, external 0K/0K, paused 44ms
V/alogcat ( 7077): created
D/alogcat ( 7077): canceling periodic saves
V/alogcat ( 7077): started
V/alogcat ( 7077): resumed
D/alogcat ( 7077): starting ...
I/ActivityManager( 1139): Displayed org.jtb.alogcat/.LogActivity: +486ms (total +4s778ms)
D/dalvikvm( 7077): GC_CONCURRENT freed 87K, 50% free 2861K/5639K, external 577K/587K, paused 12ms+14ms
D/dalvikvm( 7077): GC_EXTERNAL_ALLOC freed 201K, 51% free 2844K/5703K, external 577K/587K, paused 39ms
D/alogcat ( 7077): saving log to: /sdcard/alogcat/alogcat.2011-04-28-18-58-33-0400.txt
D/dalvikvm( 7077): GC_FOR_MALLOC freed 211K, 52% free 2912K/5959K, external 779K/1109K, paused 24ms
D/dalvikvm( 7077): GC_FOR_MALLOC freed 75K, 51% free 2940K/5959K, external 779K/1109K, paused 26ms
D/dalvikvm( 7077): GC_FOR_MALLOC freed 275K, 52% free 2954K/6087K, external 779K/1109K, paused 25ms
D/dalvikvm( 1244): GC_EXPLICIT freed 32K, 56% free 3572K/7943K, external 11720K/13768K, paused 54ms
V/alogcat ( 7077): save instance
V/alogcat ( 7077): paused
D/alogcat ( 7077): stopping ...
D/alogcat ( 7077): stopped
D/szipinf ( 7092): Initializing inflate state
D/dalvikvm( 7092): GC_EXTERNAL_ALLOC freed 58K, 53% free 2553K/5379K, external 0K/0K, paused 35ms
D/dalvikvm( 7092): GC_EXTERNAL_ALLOC freed 9K, 53% free 2569K/5379K, external 488K/513K, paused 33ms
I/TASageTV( 7092): Update client selection
I/TASageTV( 7092): Update server selection
I/TASageTV( 7092): Starting TaSageTV version 1.69
I/System.out( 7092): Client service bound
I/TASageTV( 7092): Update client selection
I/ActivityManager( 1139): Displayed tallus.android.sagetv/.TASageTV: +445ms
I/TASageTV( 7092): Server service bound
I/STVServer( 7092): [Lineups] Using a database...
I/TASageTV( 7092): Update server selection
D/dalvikvm( 7092): GC_EXTERNAL_ALLOC freed 76K, 51% free 2705K/5447K, external 1020K/1036K, paused 25ms
I/TASageTV( 7092): Connected to 192.168.1.102:9250
I/TASageTV( 7092): Update server selection
I/TASageTV( 7092): Starting TCP listen
I/TASageTV( 7092): Connected to 192.168.1.102:9250
I/TASageTV( 7092): Starting TCP listen
I/TASageTV( 7092): Message: VER:2.2.1
I/TASageTV( 7092): Update server selection
I/TASageTV( 7092): Sending: ANS:JSON
I/TASageTV( 7092): LOC
I/TASageTV( 7092): MAX:10
I/TASageTV( 7092): SMS:13025717
I/TASageTV( 7092): INI
I/TASageTV( 7092): LED
I/TASageTV( 7092): NED
I/TASageTV( 7092): SVP:0
I/TASageTV( 7092): Message: LOC:{"Clients": [{"Name": "192.168.1.107", "Port": 9266, "ID": "192.168.1.107"}, {"Name": "192.168.1.111", "Port": 9267, "ID": "192.168.1.111"}, {"Name": "192.168.1.39", "Port": 9268, "ID": "192.168.1.39"}, {"Name": "192.168.1.47", "Port": 9269, "ID": "192.168.1.47"}, {"Name": "192.168.1.37", "Port": 9270, "ID": "192.168.1.37"}, {"Name": "Clientserver", "Port": 9260, "ID": "000dfe00843a"}, {"Name": "000dfe0c3a8a", "Port": 9261, "ID": "000dfe0c3a8a"}, {"Name": "0016cf6fcfb9", "Port": 9262, "ID": "0016cf6fcfb9"}, {"Name": "C42c0307ce9e", "Port": 9263, "ID": "C42c0307ce9e"}, {"Name": "000dfe0c54b4", "Port": 9264, "ID": "000dfe0c54b4"}, {"Name": "00225f52926e", "Port": 9265, "ID": "00225f52926e"}]}MAX:OKPST:rtspSPT:554INI:OKJHP:8080FSL:{"Favorites": [{"Modifier": "Add", "ID": 4342786, "Title": "30 rock", "DisplayedChannel": "Any", "FirstRun": true, "ReRun": true}, {"Modifier": "Add", "ID": 4342787, "Title": "Perfect couples", "DisplayedChannel": "Any", "FirstRun": true, "ReRun": true}, {"Modifier": "Add", "ID": 3827691, "Title": "Better with you", "Description": "Better with you wtnh;wtnhdt", "DisplayedChannel": "Wtnh;wtnhdt", "FirstRun": true, "ReRun": true}, {"Modifier": "Add", "ID": 3827693, "Title": "The event", "Description": "The event wvit;wvitdt", "DisplayedChannel": "Wvit;wvitdt", "FirstRun": true, "ReRun": true}, {"Modifier": "Add", "ID": 4327779, "Title": "Raising hope", "Description": "Raising hope first runs", "DisplayedChannel": "Any", "FirstRun": true}, {"Modifier": "Add", "ID": 4326455, "Title": "The chicago code", "Description": "The chicago code first runs", "DisplayedChannel": "Any", "FirstRun": true}, {"Modifier": "Add", "ID": 4339697, "Title": "Traffic light", "Description": "Traffic light first runs", "DisplayedChannel": "Any", "FirstRun": true}, {"Modifier": "Add", "ID": 357518, "Title": "Csi: crime scene investigation", "Description": "Csi: crime scene investigation wfsbdt first runs", "DisplayedChannel": "Wfsbdt", "FirstRun": true}, {"Modifier": "Add", "ID": 345417, "Title": "Ncis", "Description": "Ncis wfsb;wfsbdt first runs", "DisplayedChannel": "Wfsb;wfsbdt", "FirstRun": true}, {"Modifier": "Add", "ID": 2278840, "Title": "The office", "Description": "The office wvit;wvitdt first runs", "DisplayedChannel": "Wvit;wvitdt", "FirstRun": true}, {"Modifier": "Add", "ID": 357517, "Title": "Desperate housewives", "Description": "Desperate housewives wtnhdt first runs", "DisplayedChannel": "Wtnhdt", "FirstRun": true}, {"Modifier": "Add", "ID": 345414, "Title": "House", "Description": "House wtic;wticdt first runs", "DisplayedChannel": "Wtic;wticdt", "FirstRun": true}, {"Modifier": "Add", "ID": 370099, "Title": "Fringe", "Description": "Fringe wtic;wticdt first runs", "DisplayedChannel": "Wtic;wticdt", "FirstRun": true}, {"Modifier": "Add", "ID": 2399256, "Title": "Castle", "Description": "Castle wtnh;wtnhdt first runs", "DisplayedChannel": "Wtnh;wtnhdt", "FirstRun": true}, {"Modifier": "Add", "ID": 370102, "Title": "American idol", "Description": "American idol wtic;wticdt first runs", "DisplayedChannel": "Wtic;wticdt", "FirstRun": true}, {"Modifier": "Add", "ID": 1233033, "Title": "Dancing with the stars", "Description": "Dancing with the stars wtnh;wtnhdt first runs", "DisplayedChannel": "Wtnh;wtnhdt", "FirstRun": true}, {"Modifier": "Add", "ID": 1740743, "Title": "America's got talent", "Description": "America's got talent wvitdt first runs", "DisplayedChannel": "Wvitdt", "FirstRun": true}, {"Modifier": "Add", "ID": 2278841, "Title": "Community", "Description": "Community wvit;wvitdt first runs", "DisplayedChannel": "Wvit;wvitdt", "FirstRun": true}, {"Modifier": "Add", "ID": 2379826, "Title": "The middle", "Description": "The middle wtnh;wtnhdt first runs", "DisplayedChannel": "Wtnh;wtnhdt", "FirstRun": true}, {"Modifier": "Add", "ID": 2322719, "Title": "Modern family", "Description": "Modern family wtnh;wtnhdt first runs", "DisplayedChannel": "Wtnh;wtnhdt", "FirstRun": true}, {"Modifier": "Add", "ID": 3712704, "Title": "The oprah winfrey show", "Descr
I/STVServer( 7092): Got a list of clients: {"Clients": [{"Name": "192.168.1.107", "Port": 9266, "ID": "192.168.1.107"}, {"Name": "192.168.1.111", "Port": 9267, "ID": "192.168.1.111"}, {"Name": "192.168.1.39", "Port": 9268, "ID": "192.168.1.39"}, {"Name": "192.168.1.47", "Port": 9269, "ID": "192.168.1.47"}, {"Name": "192.168.1.37", "Port": 9270, "ID": "192.168.1.37"}, {"Name": "Clientserver", "Port": 9260, "ID": "000dfe00843a"}, {"Name": "000dfe0c3a8a", "Port": 9261, "ID": "000dfe0c3a8a"}, {"Name": "0016cf6fcfb9", "Port": 9262, "ID": "0016cf6fcfb9"}, {"Name": "C42c0307ce9e", "Port": 9263, "ID": "C42c0307ce9e"}, {"Name": "000dfe0c54b4", "Port": 9264, "ID": "000dfe0c54b4"}, {"Name": "00225f52926e", "Port": 9265, "ID": "00225f52926e"}]}
I/STVServer( 7092): {"Clients":[{"ID":"192.168.1.107","Name":"192.168.1.107","Port":9266},{"ID":"192.168.1.111","Name":"192.168.1.111","Port":9267},{"ID":"192.168.1.39","Name":"192.168.1.39","Port":9268},{"ID":"192.168.1.47","Name":"192.168.1.47","Port":9269},{"ID":"192.168.1.37","Name":"192.168.1.37","Port":9270},{"ID":"000dfe00843a","Name":"Clientserver","Port":9260},{"ID":"000dfe0c3a8a","Name":"000dfe0c3a8a","Port":9261},{"ID":"0016cf6fcfb9","Name":"0016cf6fcfb9","Port":9262},{"ID":"C42c0307ce9e","Name":"C42c0307ce9e","Port":9263},{"ID":"000dfe0c54b4","Name":"000dfe0c54b4","Port":9264},{"ID":"00225f52926e","Name":"00225f52926e","Port":9265}]}
I/STVServer( 7092): Found 11 client(s)
I/STVServer( 7092): [0] Adding 192.168.1.107
I/STVServer( 7092): [1] Adding 192.168.1.111
I/STVServer( 7092): [2] Adding 192.168.1.39
I/STVServer( 7092): [3] Adding 192.168.1.47
I/STVServer( 7092): [4] Adding 192.168.1.37
I/STVServer( 7092): [5] Adding Clientserver
I/STVServer( 7092): [6] Adding 000dfe0c3a8a
I/STVServer( 7092): [7] Adding 0016cf6fcfb9
I/STVServer( 7092): [8] Adding C42c0307ce9e
I/STVServer( 7092): [9] Adding 000dfe0c54b4
I/STVServer( 7092): [10] Adding 00225f52926e
V/NotificationService( 1139): Active profile: Default
I/PROFILE ( 1139): Group: Phone containing : tallus.android.sagetv : false
I/PROFILE ( 1139): Group: Calendar containing : tallus.android.sagetv : false
I/PROFILE ( 1139): Group: Email containing : tallus.android.sagetv : false
I/PROFILE ( 1139): Group: GMail containing : tallus.android.sagetv : false
I/PROFILE ( 1139): Group: sms containing : tallus.android.sagetv : false
V/ProfileManager( 1139): No active group, returning default: Other
V/NotificationService( 1139): Pkg: tallus.android.sagetv group: Other
I/TASageTV( 7092): Connected to 192.168.1.102:9266
D/dalvikvm( 7092): GC_CONCURRENT freed 174K, 50% free 2822K/5639K, external 1072K/1548K, paused 8ms+20ms
I/TASageTV( 7092): Update client selection
I/TASageTV( 7092): Starting TCP listen
I/TASageTV( 7092): Message: VER:2.2.1
I/TASageTV( 7092): Update client selection
I/STVClient( 7092): [192.168.1.107] Version = 2.2.1
I/TASageTV( 7092): Sending: ANS:JSON
I/TASageTV( 7092): LTP
I/TASageTV( 7092): INI
I/TASageTV( 7092): Message: VDS:11155|618577
I/TASageTV( 7092): Message: LTP:6|Now Playing|My Playlists/Party List|My Playlists/SnapStream Beyond Media|VIDEO PLAYLIST|Pink Floyd Flac discography/Pink Floyd - The Final Cut/Pink Floyd - The Final Cut|Pink Floyd Flac discography/Animals/animalsINI:OKPLM:Stop
I/STVClient( 7092): List = 6|Now Playing|My Playlists/Party List|My Playlists/SnapStream Beyond Media|VIDEO PLAYLIST|Pink Floyd Flac discography/Pink Floyd - The Final Cut/Pink Floyd - The Final Cut|Pink Floyd Flac discography/Animals/animals
I/TASageTV( 7092): Changing view to: android.widget.Button@40510ee8
I/ActivityManager( 1139): Displayed tallus.android.sagetv/.show.ShowRecordings: +282ms
I/TASageTV( 7092): Message: CTM:1303522282
I/TASageTV( 7092): Message: VDS:11155|618577
I/MainActivity( 7092): Refill from init
I/MainActivity( 7092): Refill from resume
I/MainActivity( 7092): Sort selected: Date
I/TASageTV( 7092): Message: CTM:1303522283
D/dalvikvm( 7092): GC_CONCURRENT freed 445K, 53% free 2820K/5959K, external 1090K/1305K, paused 2ms+12ms
I/ImageLoader( 7092): URL: http://192.168.1.102:8080/sagex/media/poster/, ID:4676549
I/ImageLoader( 7092): URL: http://192.168.1.102:8080/sagex/media/poster/, ID:4676429
I/ImageLoader( 7092): URL: http://192.168.1.102:8080/sagex/media/poster/, ID:4676433
I/ImageLoader( 7092): URL: http://192.168.1.102:8080/sagex/media/poster/, ID:4675372
I/ImageLoader( 7092): URL: http://192.168.1.102:8080/sagex/media/poster/, ID:4675380
I/ImageLoader( 7092): URL: http://192.168.1.102:8080/sagex/media/poster/, ID:4675384
I/MainActivity( 7092): Sort selected: Date
I/ImageLoader( 7092): URL: http://192.168.1.102:8080/sagex/media/poster/, ID:4676549
I/ImageLoader( 7092): URL: http://192.168.1.102:8080/sagex/media/poster/, ID:4676429
I/ImageLoader( 7092): URL: http://192.168.1.102:8080/sagex/media/poster/, ID:4676433
I/ImageLoader( 7092): URL: http://192.168.1.102:8080/sagex/media/poster/, ID:4675372
I/ImageLoader( 7092): URL: http://192.168.1.102:8080/sagex/media/poster/, ID:4675380
I/ImageLoader( 7092): URL: http://192.168.1.102:8080/sagex/media/poster/, ID:4675384
I/ActivityManager( 1139): Displayed tallus.android.sagetv/.show.ShowList: +605ms
D/dalvikvm( 7092): GC_CONCURRENT freed 320K, 51% free 2942K/5959K, external 1276K/1305K, paused 2ms+3ms
D/dalvikvm( 7092): GC_EXTERNAL_ALLOC freed 20K, 51% free 2922K/5959K, external 1268K/1305K, paused 32ms
I/TASageTV( 7092): Message: VDS:11155|618577
I/TASageTV( 7092): Message: CTM:1303522284CTM:1303522285
I/TASageTV( 7092): Message: CTM:1303522286
I/MainActivity( 7092): Image URL: http://192.168.1.102:8080/sagex/media/thumbnail/, file = 4676429
I/ImageLoader( 7092): URL: http://192.168.1.102:8080/sagex/media/thumbnail/, ID:4676429
I/TASageTV( 7092): Message: VDS:11155|618577
I/ActivityManager( 1139): Displayed tallus.android.sagetv/.show.ShowDetails: +333ms
I/TASageTV( 7092): Message: CTM:1303522287
I/TASageTV( 7092): Message: VDS:11155|618577
I/TASageTV( 7092): Message: CTM:1303522288
D/dalvikvm( 7092): GC_EXTERNAL_ALLOC freed 459K, 52% free 2938K/6087K, external 1820K/1833K, paused 35ms
I/TASageTV( 7092): Message: CTM:1303522289
I/TASageTV( 7092): Message: VDS:11155|618577
I/TASageTV( 7092): Message: CTM:1303522290
I/TASageTV( 7092): Message: VDS:11155|618577
I/TASageTV( 7092): Message: CTM:1303522291
I/TASageTV( 7092): Message: VDS:11155|618577
I/TASageTV( 7092): Message: CTM:1303522292
I/TASageTV( 7092): Sending: SVL:4676429
I/TASageTV( 7092): Message: VDS:11155|618577
I/TASageTV( 7092): Message: CTM:1303522293
D/szipinf ( 1139): Initializing inflate state
I/TASageTV( 7092): Message: CTM:1303522294CTM:1303522295
D/szipinf ( 7125): Initializing inflate state
D/szipinf ( 7125): Initializing inflate state
I/ActivityThread( 7125): Pub com.cooliris.picasa.contentprovider: com.cooliris.picasa.PicasaContentProvider
I/Database( 7125): sqlite returned: error code = 0, msg = Recovered 527 frames from WAL file /data/data/com.cooliris.media/databases/picasa.db-wal
D/dalvikvm( 7125): GC_CONCURRENT freed 350K, 54% free 2600K/5639K, external 0K/0K, paused 12ms+3ms
D/dalvikvm( 7125): GC_EXTERNAL_ALLOC freed 3K, 54% free 2597K/5639K, external 0K/0K, paused 23ms
D/MediaPlayer( 7125): Couldn't open file on client side, trying server side
I/StagefrightPlayer( 6917): setDataSource('rtsp://192.168.1.102:554/stream.sdp')
I/MyHandler( 6917): connection request completed with result 0 (Unknown error: 0)
I/ActivityManager( 1139): Displayed com.cooliris.media/.MovieView: +816ms
I/TASageTV( 7092): Message: VDS:11155|618577
I/ARTSPConnection( 6917): status: RTSP/1.0 200 OK
I/MyHandler( 6917): DESCRIBE completed with result 0 (Unknown error: 0)
I/ASessionDescription( 6917): v=0
I/ASessionDescription( 6917): o=- 15088307430509003145 15088307430509003145 IN IP4 sagetv
I/ASessionDescription( 6917): s=Unnamed
I/ASessionDescription( 6917): i=N/A
I/ASessionDescription( 6917): c=IN IP4 0.0.0.0
I/ASessionDescription( 6917): t=0 0
I/ASessionDescription( 6917): a=tool:vlc 1.0.0
I/ASessionDescription( 6917): a=recvonly
I/ASessionDescription( 6917): a=type:broadcast
I/ASessionDescription( 6917): a=charset:UTF-8
I/ASessionDescription( 6917): a=control:rtsp://192.168.1.102:554/stream.sdp
F/MyHandler( 6917): frameworks/base/media/libstagefright/rtsp/MyHandler.h:396 CHECK_GT( mSessionDesc->countTracks(),1u) failed: 1 vs. 1
I/TASageTV( 7092): Message: CTM:1303522296
I/DEBUG ( 1021): *** *** *** *** *** *** *** *** *** *** *** *** *** *** *** ***
I/DEBUG ( 1021): Build fingerprint: 'verizon/voles/sholes/sholes:2.2.1/FRG83D/75603:user/release-keys'
I/DEBUG ( 1021): pid: 6917, tid: 7137 >>> /system/bin/mediaserver <<<
I/DEBUG ( 1021): signal 11 (SIGSEGV), code 1 (SEGV_MAPERR), fault addr deadbaad
I/DEBUG ( 1021): r0 00000027 r1 deadbaad r2 a0000000 r3 00000000
I/DEBUG ( 1021): r4 00000001 r5 00000000 r6 00000001 r7 00000000
I/DEBUG ( 1021): r8 81331060 r9 0004a202 10 00100000 fp 00000001
I/DEBUG ( 1021): ip afd46668 sp 407068f0 lr afd193b1 pc afd15e80 cpsr 60000030
I/DEBUG ( 1021): d0 6472656767756265 d1 6f633e2d63736520
I/DEBUG ( 1021): d2 6b63617254746e76 d3 202975312c292873
I/DEBUG ( 1021): d4 794d2f707374722f d5 2e72656c646e6148
I/DEBUG ( 1021): d6 4843203639333a68 d7 202854475f4b4345
I/DEBUG ( 1021): d8 000000003f800000 d9 0000000000000000
I/DEBUG ( 1021): d10 0000000000000000 d11 0000000000000000
I/DEBUG ( 1021): d12 0000000000000000 d13 0000000000000000
I/DEBUG ( 1021): d14 0000000000000000 d15 0000000000000000
I/DEBUG ( 1021): d16 3fd0000000000000 d17 4070000000000000
I/DEBUG ( 1021): d18 4004000000000000 d19 bfc66b795f4d810f
I/DEBUG ( 1021): d20 3f1153334318c074 d21 bebbb819da77af08
I/DEBUG ( 1021): d22 3ff0000000000000 d23 3feafd134f56239d
I/DEBUG ( 1021): d24 3e66376972bea4d0 d25 0000000000000000
I/DEBUG ( 1021): d26 0000000000000000 d27 0000000000000000
I/DEBUG ( 1021): d28 0000000000000000 d29 0000000000000000
I/DEBUG ( 1021): d30 0000000000000000 d31 0000000000000000
I/DEBUG ( 1021): scr 60000010
I/DEBUG ( 1021):
I/DEBUG ( 1021): #00 pc 00015e80 /system/lib/libc.so (__libc_android_abort)
I/DEBUG ( 1021): #01 pc 0000150e /system/lib/liblog.so (__android_log_assert)
I/DEBUG ( 1021): #02 pc 00108d30 /system/lib/libstagefright.so
I/DEBUG ( 1021): #03 pc 00006074 /system/lib/libstagefright_foundation.so (_ZN7android13ALooperRoster14deliverMessageERKNS_2spINS_8AMessageEEE)
I/DEBUG ( 1021): #04 pc 00005cd2 /system/lib/libstagefright_foundation.so (_ZN7android7ALooper4loopEv)
I/DEBUG ( 1021): #05 pc 00005de4 /system/lib/libstagefright_foundation.so
I/DEBUG ( 1021): #06 pc 0001e92c /system/lib/libutils.so (_ZN7android6Thread11_threadLoopEPv)
I/DEBUG ( 1021): #07 pc 0001ee8a /system/lib/libutils.so
I/DEBUG ( 1021): #08 pc 00011b0c /system/lib/libc.so (__thread_entry)
I/DEBUG ( 1021): #09 pc 000116d0 /system/lib/libc.so (pthread_create)
I/DEBUG ( 1021):
I/DEBUG ( 1021): code around pc:
I/DEBUG ( 1021): afd15e60 2c006824 e028d1fb b13368db c064f8df
I/DEBUG ( 1021): afd15e70 44fc2401 4000f8cc 49124798 25002027
I/DEBUG ( 1021): afd15e80 f7f57008 2106ebce ed7af7f6 460aa901
I/DEBUG ( 1021): afd15e90 f04f2006 95015380 95029303 e8a0f7f6
I/DEBUG ( 1021): afd15ea0 462aa905 f7f62002 f7f5e8ac 2106ebba
I/DEBUG ( 1021):
I/DEBUG ( 1021): code around lr:
I/DEBUG ( 1021): afd19390 4a0e4b0d e92d447b 589c41f0 26004680
I/DEBUG ( 1021): afd193a0 686768a5 f9b5e006 b113300c 47c04628
I/DEBUG ( 1021): afd193b0 35544306 37fff117 6824d5f5 d1ef2c00
I/DEBUG ( 1021): afd193c0 e8bd4630 bf0081f0 0002816c ffffff88
I/DEBUG ( 1021): afd193d0 b086b570 f602fb01 9004460c a804a901
I/DEBUG ( 1021):
I/DEBUG ( 1021): stack:
I/DEBUG ( 1021): 407068b0 ffff0208
I/DEBUG ( 1021): 407068b4 0000038c
I/DEBUG ( 1021): 407068b8 ffff0208
I/DEBUG ( 1021): 407068bc 4070691c
I/DEBUG ( 1021): 407068c0 afd4270c
I/DEBUG ( 1021): 407068c4 afd426b8
I/DEBUG ( 1021): 407068c8 00000000
I/DEBUG ( 1021): 407068cc afd193b1 /system/lib/libc.so
I/DEBUG ( 1021): 407068d0 00000001
I/DEBUG ( 1021): 407068d4 40706904
I/DEBUG ( 1021): 407068d8 00000001
I/DEBUG ( 1021): 407068dc 00000000
I/DEBUG ( 1021): 407068e0 81331060
I/DEBUG ( 1021): 407068e4 afd186d3 /system/lib/libc.so
I/DEBUG ( 1021): 407068e8 df002777
I/DEBUG ( 1021): 407068ec e3a070ad
I/DEBUG ( 1021): #00 407068f0 407068ec
I/DEBUG ( 1021): 407068f4 00000001
I/DEBUG ( 1021): 407068f8 a304f9b6 /system/lib/libstagefright.so
I/DEBUG ( 1021): 407068fc 0000000a
I/DEBUG ( 1021): 40706900 4070691c
I/DEBUG ( 1021): 40706904 fffffbdf
I/DEBUG ( 1021): 40706908 4070691c
I/DEBUG ( 1021): 4070690c 4070691c
I/DEBUG ( 1021): 40706910 a304f9b6 /system/lib/libstagefright.so
I/DEBUG ( 1021): 40706914 afa01511 /system/lib/liblog.so
I/DEBUG ( 1021): #01 40706918 40706d34
I/DEBUG ( 1021): 4070691c 6d617266
I/DEBUG ( 1021): 40706920 726f7765
I/DEBUG ( 1021): 40706924 622f736b
I/DEBUG ( 1021): 40706928 2f657361
I/DEBUG ( 1021): 4070692c 6964656d
I/DEBUG ( 1021): 40706930 696c2f61
I/DEBUG ( 1021): 40706934 61747362
I/DEBUG ( 1021): 40706938 72666567
I/DEBUG ( 1021): 4070693c 74686769
I/DEBUG ( 1021): 40706940 7374722f
I/DEBUG ( 1021): 40706944 794d2f70
I/DEBUG ( 1021): 40706948 646e6148
I/DEBUG ( 1021): 4070694c 2e72656c
I/DEBUG ( 1021): 40706950 39333a68
I/DEBUG ( 1021): 40706954 48432036
I/DEBUG ( 1021): 40706958 5f4b4345
I/DEBUG ( 1021): 4070695c 20285447
I/DEBUG ( 1021): 40706960 7365536d
I/DEBUG ( 1021): 40706964 6e6f6973
I/DEBUG ( 1021): 40706968 63736544
I/DEBUG ( 1021): 4070696c 6f633e2d
I/DEBUG ( 1021): 40706970 54746e75
I/DEBUG ( 1021): 40706974 6b636172
I/DEBUG ( 1021): 40706978 2c292873
I/DEBUG ( 1021): 4070697c 20297531
I/DEBUG ( 1021): 40706980 6c696166
I/DEBUG ( 1021): 40706984 203a6465
I/DEBUG ( 1021): 40706988 73762031
I/DEBUG ( 1021): 4070698c 0031202e
I/DEBUG ( 1021): 40706990 00000000
I/DEBUG ( 1021): 40706994 00000000
I/DEBUG ( 1021): 40706998 00000000
I/DEBUG ( 1021): 4070699c 00000000
I/DEBUG ( 1021): 407069a0 00000000
I/DEBUG ( 1021): 407069a4 00000000
I/DEBUG ( 1021): 407069a8 00000000
I/DEBUG ( 1021): 407069ac 00000000
I/DEBUG ( 1021): 407069b0 00000000
I/DEBUG ( 1021): 407069b4 00000000
I/DEBUG ( 1021): 407069b8 40706d04
I/DEBUG ( 1021): 407069bc afd19227 /system/lib/libc.so
I/DEBUG ( 1021): 407069c0 40706c84
I/DEBUG ( 1021): 407069c4 40706ab4
I/DEBUG ( 1021): 407069c8 00000001
I/DEBUG ( 1021): 407069cc 40706ab4
I/DEBUG ( 1021): 407069d0 00000002
I/DEBUG ( 1021): 407069d4 00000000
I/DEBUG ( 1021): 407069d8 40706a54
I/DEBUG ( 1021): 407069dc 40706c84
I/DEBUG ( 1021): 407069e0 40706c4b
I/DEBUG ( 1021): 407069e4 00000001
I/DEBUG ( 1021): 407069e8 ffffffff
I/DEBUG ( 1021): 407069ec afd1aa43 /system/lib/libc.so
I/DEBUG ( 1021): 407069f0 40706cfc
I/DEBUG ( 1021): 407069f4 afd1bd45 /system/lib/libc.so
I/DEBUG ( 1021): 407069f8 00000000
I/DEBUG ( 1021): 407069fc 00000000
I/DEBUG ( 1021): 40706a00 00000000
I/DEBUG ( 1021): 40706a04 00000000
I/DEBUG ( 1021): 40706a08 00000000
I/DEBUG ( 1021): 40706a0c 00000000
I/DEBUG ( 1021): 40706a10 00000000
I/DEBUG ( 1021): 40706a14 00000001
I/DEBUG ( 1021): 40706a18 ffffffff
I/DEBUG ( 1021): 40706a1c 80407f8e /system/lib/libstagefright_foundation.so
I/DEBUG ( 1021): 40706a20 00000000
I/DEBUG ( 1021): 40706a24 00000000
I/DEBUG ( 1021): 40706a28 00000001
I/DEBUG ( 1021): 40706a2c 40706aef
I/DEBUG ( 1021): 40706a30 80407f8c /system/lib/libstagefright_foundation.so
I/DEBUG ( 1021): 40706a34 afd41504
I/DEBUG ( 1021): 40706a38 00000000
I/DEBUG ( 1021): 40706a3c 00000000
I/DEBUG ( 1021): 40706a40 00000000
I/DEBUG ( 1021): 40706a44 0002027e
I/DEBUG ( 1021): 40706a48 afd41588
I/DEBUG ( 1021): 40706a4c afd41588
I/DEBUG ( 1021): 40706a50 00000000
I/DEBUG ( 1021): 40706a54 40706c4b
I/DEBUG ( 1021): 40706a58 00000001
I/DEBUG ( 1021): 40706a5c 00000000
I/DEBUG ( 1021): 40706a60 00000000
I/DEBUG ( 1021): 40706a64 00000000
I/DEBUG ( 1021): 40706a68 00000000
I/DEBUG ( 1021): 40706a6c 00000000
I/DEBUG ( 1021): 40706a70 40706dbc
I/DEBUG ( 1021): 40706a74 afd19227 /system/lib/libc.so
I/DEBUG ( 1021): 40706a78 40706d3c
I/DEBUG ( 1021): 40706a7c 40706b6c
I/DEBUG ( 1021): 40706a80 00000001
I/DEBUG ( 1021): 40706a84 40706b6c
I/DEBUG ( 1021): 40706a88 00000002
I/DEBUG ( 1021): 40706a8c 00000000
I/DEBUG ( 1021): 40706a90 40706b0c
I/DEBUG ( 1021): 40706a94 40706d3c
I/DEBUG ( 1021): 40706a98 40706d03
I/DEBUG ( 1021): 40706a9c 00000001
I/DEBUG ( 1021): 40706aa0 ffffffff
I/DEBUG ( 1021): 40706aa4 afd1aa43 /system/lib/libc.so
I/DEBUG ( 1021): 40706aa8 40706db4
I/DEBUG ( 1021): 40706aac afd1bd45 /system/lib/libc.so
I/DEBUG ( 1021): 40706ab0 00000000
I/DEBUG ( 1021): 40706ab4 40706a54
I/DEBUG ( 1021): 40706ab8 00000000
I/DEBUG ( 1021): 40706abc 00000000
I/DEBUG ( 1021): 40706ac0 00000000
I/DEBUG ( 1021): 40706ac4 00000000
I/DEBUG ( 1021): 40706ac8 00000000
I/DEBUG ( 1021): 40706acc 00000001
I/DEBUG ( 1021): 40706ad0 ffffffff
I/DEBUG ( 1021): 40706ad4 80407ff4 /system/lib/libstagefright_foundation.so
I/DEBUG ( 1021): 40706ad8 40706cf8
I/DEBUG ( 1021): 40706adc 00000000
I/DEBUG ( 1021): 40706ae0 00000000
I/DEBUG ( 1021): 40706ae4 00000001
I/DEBUG ( 1021): 40706ae8 000ce5d8
I/DEBUG ( 1021): 40706aec 0000a000
I/DEBUG ( 1021): 40706af0 84100800
I/DEBUG ( 1021): 40706af4 00000001
I/DEBUG ( 1021): 40706af8 000ce5d0
I/DEBUG ( 1021): 40706afc 000ce5d8
I/DEBUG ( 1021): 40706b00 80408256 /system/lib/libstagefright_foundation.so
I/DEBUG ( 1021): 40706b04 84100800
I/DEBUG ( 1021): 40706b08 000d04a8
I/DEBUG ( 1021): 40706b0c 000000dc
I/DEBUG ( 1021): 40706b10 000cf64c
I/DEBUG ( 1021): 40706b14 afd140e7 /system/lib/libc.so
I/DEBUG ( 1021): 40706b18 84100800
I/DEBUG ( 1021): 40706b1c 00000001
I/DEBUG ( 1021): 40706b20 000cdf88
I/DEBUG ( 1021): 40706b24 0000a000
I/DEBUG ( 1021): 40706b28 00000040
I/DEBUG ( 1021): 40706b2c 000000dc
I/DEBUG ( 1021): 40706b30 000cf64c
I/DEBUG ( 1021): 40706b34 afd1384d /system/lib/libc.so
I/DEBUG ( 1021): 40706b38 000cdf88
I/DEBUG ( 1021): 40706b3c 000d0f30
I/DEBUG ( 1021): 40706b40 00000010
I/DEBUG ( 1021): 40706b44 00000000
I/DEBUG ( 1021): 40706b48 00000040
I/DEBUG ( 1021): 40706b4c afd14493 /system/lib/libc.so
I/DEBUG ( 1021): 40706b50 00000040
I/DEBUG ( 1021): 40706b54 00000023
I/DEBUG ( 1021): 40706b58 000d0c48
I/DEBUG ( 1021): 40706b5c 00000000
I/DEBUG ( 1021): 40706b60 00000001
I/DEBUG ( 1021): 40706b64 afd144d1 /system/lib/libc.so
I/DEBUG ( 1021): 40706b68 000d03dc
I/DEBUG ( 1021): 40706b6c afd14769 /system/lib/libc.so
I/DEBUG ( 1021): 40706b70 000d0f30
I/DEBUG ( 1021): 40706b74 80406c2b /system/lib/libstagefright_foundation.so
I/DEBUG ( 1021): 40706b78 000d03dc
I/DEBUG ( 1021): 40706b7c 00000023
I/DEBUG ( 1021): 40706b80 000d0c48
I/DEBUG ( 1021): 40706b84 80406fab /system/lib/libstagefright_foundation.so
I/DEBUG ( 1021): 40706b88 000d03dc
I/DEBUG ( 1021): 40706b8c 40706c1c
I/DEBUG ( 1021): 40706b90 00000023
I/DEBUG ( 1021): 40706b94 80406fdb /system/lib/libstagefright_foundation.so
I/DEBUG ( 1021): 40706b98 000d03dc
I/DEBUG ( 1021): 40706b9c 00000000
I/DEBUG ( 1021): 40706ba0 40706c1c
I/DEBUG ( 1021): 40706ba4 a3009f11 /system/lib/libstagefright.so
I/DEBUG ( 1021): 40706ba8 00000001
I/DEBUG ( 1021): 40706bac 8040705b /system/lib/libstagefright_foundation.so
I/DEBUG ( 1021): 40706bb0 84100804
I/DEBUG ( 1021): 40706bb4 00000001
I/DEBUG ( 1021): 40706bb8 00000048
I/DEBUG ( 1021): 40706bbc 84100804
I/DEBUG ( 1021): 40706bc0 000cf640
I/DEBUG ( 1021): 40706bc4 000000dc
I/DEBUG ( 1021): 40706bc8 000cf64c
I/DEBUG ( 1021): 40706bcc afd1384d /system/lib/libc.so
I/DEBUG ( 1021): 40706bd0 40706c10
I/DEBUG ( 1021): 40706bd4 80409370
I/DEBUG ( 1021): 40706bd8 40706ca8
I/DEBUG ( 1021): 40706bdc 40706ce4
I/DEBUG ( 1021): 40706be0 84100824
I/DEBUG ( 1021): 40706be4 00000001
I/DEBUG ( 1021): 40706be8 0007be50
I/DEBUG ( 1021): 40706bec 0000a000
I/DEBUG ( 1021): 40706bf0 000cf640
I/DEBUG ( 1021): 40706bf4 ffffffff
I/DEBUG ( 1021): 40706bf8 000cf64c
I/DEBUG ( 1021): 40706bfc afd1384d /system/lib/libc.so
I/DEBUG ( 1021): 40706c00 40706cf0
I/DEBUG ( 1021): 40706c04 80409370
I/DEBUG ( 1021): 40706c08 00000000
I/DEBUG ( 1021): 40706c0c 40706ce4
I/DEBUG ( 1021): 40706c10 000cf640
I/DEBUG ( 1021): 40706c14 afd14729 /system/lib/libc.so
I/DEBUG ( 1021): 40706c18 40706cf0
I/DEBUG ( 1021): 40706c1c 80406b07 /system/lib/libstagefright_foundation.so
I/DEBUG ( 1021): 40706c20 40706cf0
I/DEBUG ( 1021): 40706c24 40706cf0
I/DEBUG ( 1021): 40706c28 00000000
I/DEBUG ( 1021): 40706c2c 80406b31 /system/lib/libstagefright_foundation.so
I/DEBUG ( 1021): 40706c30 00000001
I/DEBUG ( 1021): 40706c34 a300a885 /system/lib/libstagefright.so
I/DEBUG ( 1021): 40706c38 00000001
I/DEBUG ( 1021): 40706c3c 000cf660
I/DEBUG ( 1021): 40706c40 a3051d68 /system/lib/libstagefright.so
I/DEBUG ( 1021): 40706c44 a3051562 /system/lib/libstagefright.so
I/DEBUG ( 1021): 40706c48 31051d8a
I/DEBUG ( 1021): 40706c4c c693b338
I/DEBUG ( 1021): 40706c50 a304f3f4 /system/lib/libstagefright.so
I/DEBUG ( 1021): 40706c54 3f800000
I/DEBUG ( 1021): 40706c58 00000000
I/DEBUG ( 1021): 40706c5c 00000000
I/DEBUG ( 1021): 40706c60 40706d04
I/DEBUG ( 1021): 40706c64 40706d54
I/DEBUG ( 1021): 40706c68 00000001
I/DEBUG ( 1021): 40706c6c 81331060
I/DEBUG ( 1021): 40706c70 0004a202
I/DEBUG ( 1021): 40706c74 00100000
I/DEBUG ( 1021): 40706c78 00000001
I/DEBUG ( 1021): 40706c7c afd19d23 /system/lib/libc.so
I/DEBUG ( 1021): 40706c80 c4100800
I/DEBUG ( 1021): 40706c84 40706d05
I/DEBUG ( 1021): 40706c88 000cdf88
I/DEBUG ( 1021): 40706c8c 7ffffffe
I/DEBUG ( 1021): 40706c90 ffff0208
I/DEBUG ( 1021): 40706c94 40706d04
I/DEBUG ( 1021): 40706c98 7fffffff
I/DEBUG ( 1021): 40706c9c afd1384d /system/lib/libc.so
I/DEBUG ( 1021): 40706ca0 000cdf88
I/DEBUG ( 1021): 40706ca4 000cf5c0
I/DEBUG ( 1021): 40706ca8 00000010
I/DEBUG ( 1021): 40706cac 00000000
I/DEBUG ( 1021): 40706cb0 00000020
I/DEBUG ( 1021): 40706cb4 40706cd8
I/DEBUG ( 1021): 40706cb8 00000020
I/DEBUG ( 1021): 40706cbc 00000001
I/DEBUG ( 1021): 40706cc0 40706d04
I/DEBUG ( 1021): 40706cc4 00000001
I/DEBUG ( 1021): 40706cc8 81331060
I/DEBUG ( 1021): 40706ccc afd144d1 /system/lib/libc.so
I/DEBUG ( 1021): 40706cd0 40706d54
I/DEBUG ( 1021): 40706cd4 afd14769 /system/lib/libc.so
I/DEBUG ( 1021): 40706cd8 000cf5c6
I/DEBUG ( 1021): 40706cdc 80406c2b /system/lib/libstagefright_foundation.so
I/DEBUG ( 1021): 40706ce0 40706d54
I/DEBUG ( 1021): 40706ce4 40706d04
I/DEBUG ( 1021): 40706ce8 40706d54
I/DEBUG ( 1021): 40706cec 80406c93 /system/lib/libstagefright_foundation.so
I/DEBUG ( 1021): 40706cf0 afd4d5c8
I/DEBUG ( 1021): 40706cf4 40706d04
I/DEBUG ( 1021): 40706cf8 40706d54
I/DEBUG ( 1021): 40706cfc 80406ea5 /system/lib/libstagefright_foundation.so
I/DEBUG ( 1021): 40706d00 000cf5c1
I/DEBUG ( 1021): 40706d04 80400031 /system/lib/libstagefright_foundation.so
I/DEBUG ( 1021): 40706d08 40706d54
I/DEBUG ( 1021): 40706d0c a303a2cd /system/lib/libstagefright.so
I/DEBUG ( 1021): 40706d10 40706e18
I/DEBUG ( 1021): 40706d14 c693b338
I/DEBUG ( 1021): 40706d18 40706d54
I/DEBUG ( 1021): 40706d1c c693b338
I/DEBUG ( 1021): 40706d20 40706e18
I/DEBUG ( 1021): 40706d24 000cdd68
I/DEBUG ( 1021): 40706d28 40706d54
I/DEBUG ( 1021): 40706d2c a3008d33 /system/lib/libstagefright.so
I/DEBUG ( 1021): 40706d30 a30507b6 /system/lib/libstagefright.so
I/DEBUG ( 1021): 40706d34 000cf5c0
I/TASageTV( 7092): Message: CTM:1303522297
I/TASageTV( 7092): Message: VDS:11155|618577
I/ServiceManager( 1018): service 'media.audio_flinger' died
I/ServiceManager( 1018): service 'media.player' died
I/ServiceManager( 1018): service 'media.camera' died
I/ServiceManager( 1018): service 'media.audio_policy' died
W/IMediaDeathNotifier( 7125): media server died
E/MediaPlayer( 7125): error (100, 0)
E/MediaPlayer( 7125): Error (100,0)
D/VideoView( 7125): Error: 100,0
W/AudioSystem( 7125): AudioFlinger server died!
W/AudioSystem( 1139): AudioFlinger server died!
W/AudioSystem( 1139): AudioPolicyService server died!
D/dalvikvm( 7125): GC_EXTERNAL_ALLOC freed 26K, 53% free 2660K/5639K, external 245K/557K, paused 76ms
D/dalvikvm( 1139): GC_FOR_MALLOC freed 347K, 42% free 6510K/11143K, external 2523K/3054K, paused 194ms
I/dalvikvm-heap( 1139): Grow heap (frag case) to 11.488MB for 87396-byte allocation
I/ ( 7139): ServiceManager: 0xad50
E/AudioPostProcessor( 7139):
E/AudioPostProcessor( 7139): AudioMgr Error:Failed to open gains file /data/ap_gain.bin
E/AudioPostProcessor( 7139):
E/AudioPostProcessor( 7139): AudioMgr Error:Failed to read gains/coeffs from /data
E/AudioPostProcessor( 7139): Audio coeffs init success.
D/dalvikvm( 1139): GC_FOR_MALLOC freed 6K, 42% free 6588K/11271K, external 2523K/3054K, paused 105ms
D/Audio_Unsolicited( 7139): in readyToRun
D/Audio_Unsolicited( 7139): Create socket successful 12
I/CameraService( 7139): CameraService started (pid=7139)
D/AudioFlinger( 7139): setParameters(): io 1, keyvalue routing=2, tid 7143, calling tid 7139
I/AudioFlinger( 7139): AudioFlinger's thread 0x12e88 ready to run
D/dalvikvm( 1139): GC_FOR_MALLOC freed 100K, 43% free 6532K/11271K, external 2523K/3054K, paused 63ms
I/dalvikvm-heap( 1139): Grow heap (frag case) to 11.592MB for 174776-byte allocation
I/TASageTV( 7092): Message: CTM:1303522298
D/dalvikvm( 1139): GC_FOR_MALLOC freed 10K, 42% free 6692K/11463K, external 2523K/3054K, paused 58ms
D/dalvikvm( 1139): GC_FOR_MALLOC freed 178K, 43% free 6599K/11463K, external 2522K/3054K, paused 57ms
D/dalvikvm( 1139): GC_FOR_MALLOC freed 109K, 43% free 6619K/11463K, external 2446K/3054K, paused 67ms
I/dalvikvm-heap( 1139): Grow heap (frag case) to 11.623MB for 196628-byte allocation
D/dalvikvm( 1139): GC_FOR_MALLOC freed <1K, 42% free 6810K/11719K, external 2446K/3054K, paused 56ms
D/dalvikvm( 1139): GC_FOR_MALLOC freed 491K, 45% free 6448K/11719K, external 2446K/3054K, paused 58ms
I/TASageTV( 7092): Message: VDS:11155|618577
I/TASageTV( 7092): Message: CTM:1303522299
E/AudioService( 1139): Media server died.
E/AudioService( 1139): Media server started.
D/AudioFlinger( 7139): setParameters(): io 0, keyvalue restarting=true, tid 7139, calling tid 1139
E/AudioHardwareMot( 7139):
E/AudioHardwareMot( 7139): AudioMgr Error:Unsupported key = restarting=true
W/AudioPolicyManagerBase( 7139): setPhoneState() setting same state 0
V/AudioPolicyManager( 7139): getDeviceForStrategy() from cache strategy 1, device 1
V/AudioPolicyManager( 7139): getDeviceForStrategy() strategy 1, device 1
V/AudioPolicyManager( 7139): getDeviceForStrategy() from cache strategy 2, device 2
V/AudioPolicyManager( 7139): getDeviceForStrategy() strategy 2, device 2
V/AudioPolicyManager( 7139): getDeviceForStrategy() from cache strategy 4, device 2
V/AudioPolicyManager( 7139): getDeviceForStrategy() strategy 4, device 2
V/AudioPolicyManager( 7139): getDeviceForStrategy() from cache strategy 0, device 2
V/AudioPolicyManager( 7139): getDeviceForStrategy() strategy 0, device 2
V/AudioPolicyManager( 7139): getDeviceForStrategy() from cache strategy 3, device 2
V/AudioPolicyManager( 7139): getDeviceForStrategy() strategy 0, device 2
V/AudioPolicyManager( 7139): getDeviceForStrategy() strategy 3, device 2
V/AudioPolicyManager( 7139): getDeviceForStrategy() strategy 0, device 2
V/AudioPolicyManager( 7139): getDeviceForStrategy() strategy 1, device 1
V/AudioPolicyManager( 7139): getDeviceForStrategy() strategy 2, device 2
V/AudioPolicyManager( 7139): getDeviceForStrategy() strategy 0, device 2
V/AudioPolicyManager( 7139): getDeviceForStrategy() strategy 3, device 2
V/AudioPolicyManager( 7139): getDeviceForStrategy() strategy 4, device 2
V/AudioPolicyManager( 7139): getDeviceForStrategy() from cache strategy 1, device 1
V/AudioPolicyManager( 7139): getDeviceForStrategy() strategy 1, device 1
V/AudioPolicyManager( 7139): getDeviceForStrategy() from cache strategy 2, device 2
V/AudioPolicyManager( 7139): getDeviceForStrategy() strategy 2, device 2
V/AudioPolicyManager( 7139): getDeviceForStrategy() from cache strategy 4, device 2
V/AudioPolicyManager( 7139): getDeviceForStrategy() strategy 4, device 2
V/AudioPolicyManager( 7139): getDeviceForStrategy() from cache strategy 0, device 2
V/AudioPolicyManager( 7139): getDeviceForStrategy() strategy 0, device 2
V/AudioPolicyManager( 7139): getDeviceForStrategy() from cache strategy 3, device 2
V/AudioPolicyManager( 7139): getDeviceForStrategy() strategy 0, device 2
V/AudioPolicyManager( 7139): getDeviceForStrategy() strategy 3, device 2
V/AudioPolicyManager( 7139): getDeviceForStrategy() strategy 0, device 2
V/AudioPolicyManager( 7139): getDeviceForStrategy() strategy 1, device 1
V/AudioPolicyManager( 7139): getDeviceForStrategy() strategy 2, device 2
V/AudioPolicyManager( 7139): getDeviceForStrategy() strategy 0, device 2
V/AudioPolicyManager( 7139): getDeviceForStrategy() strategy 3, device 2
V/AudioPolicyManager( 7139): getDeviceForStrategy() strategy 4, device 2
D/AudioFlinger( 7139): setParameters(): io 0, keyvalue restarting=false, tid 7146, calling tid 1139
E/AudioHardwareMot( 7139):
E/AudioHardwareMot( 7139): AudioMgr Error:Unsupported key = restarting=false
I/TASageTV( 7092): Message: VDS:11155|618577
I/TASageTV( 7092): Message: CTM:1303522300
I/TASageTV( 7092): Message: CTM:1303522301
I/TASageTV( 7092): Message: VDS:11155|618577
I/TASageTV( 7092): Message: CTM:1303522302
I/TASageTV( 7092): Message: VDS:11155|618577
I/TASageTV( 7092): Message: CTM:1303522303
I/TASageTV( 7092): Message: CTM:1303522304
I/TASageTV( 7092): Message: VDS:11155|618577
I/TASageTV( 7092): Message: CTM:1303522305
I/TASageTV( 7092): Message: VDS:11155|618577
I/EventLogService( 1234): Aggregate from 1304029757855 (log), 1304029757855 (data)
I/TASageTV( 7092): Message: CTM:1303522306
I/TASageTV( 7092): Message: CTM:1303522307
I/TASageTV( 7092): Message: VDS:11155|618577
I/TASageTV( 7092): Message: CTM:1303522308
I/TASageTV( 7092): Message: VDS:11155|618577
I/TASageTV( 7092): Message: CTM:1303522309
I/TASageTV( 7092): Message: CTM:1303522310
I/STVServer( 7092): URL = http://mzup:yasmi@192.168.1.102:8080/stream/HTTPLiveStreamingPlaylist?MediaFileId=4676429
I/TASageTV( 7092): Message: VDS:11155|618577
I/TASageTV( 7092): Message: CTM:1303522311
W/System.err( 7092): org.apache.http.client.HttpResponseException: Unauthorized
W/System.err( 7092): at org.apache.http.impl.client.BasicResponseHandler.handleResponse(BasicResponseHandler.java:71)
W/System.err( 7092): at org.apache.http.impl.client.BasicResponseHandler.handleResponse(BasicResponseHandler.java:59)
W/System.err( 7092): at org.apache.http.impl.client.AbstractHttpClient.execute(AbstractHttpClient.java:657)
W/System.err( 7092): at org.apache.http.impl.client.AbstractHttpClient.execute(AbstractHttpClient.java:627)
W/System.err( 7092): at org.apache.http.impl.client.AbstractHttpClient.execute(AbstractHttpClient.java:616)
W/System.err( 7092): at tallus.utils.MainActivity.getURL(MainActivity.java:726)
W/System.err( 7092): at tallus.utils.MainActivity.startHTTPStreamMirage2(MainActivity.java:747)
W/System.err( 7092): at tallus.android.sagetv.show.ShowDetails.showExtras(ShowDetails.java:222)
W/System.err( 7092): at tallus.utils.MainActivity.onOptionsItemSelected(MainActivity.java:273)
W/System.err( 7092): at android.app.Activity.onMenuItemSelected(Activity.java:2205)
W/System.err( 7092): at com.android.internal.policy.impl.PhoneWindow.onMenuItemSelected(PhoneWindow.java:753)
W/System.err( 7092): at com.android.internal.view.menu.MenuItemImpl.invoke(MenuItemImpl.java:143)
W/System.err( 7092): at com.android.internal.view.menu.MenuBuilder.performItemAction(MenuBuilder.java:855)
W/System.err( 7092): at com.android.internal.view.menu.ExpandedMenuView.invokeItem(ExpandedMenuView.java:89)
W/System.err( 7092): at com.android.internal.view.menu.ExpandedMenuView.onItemClick(ExpandedMenuView.java:93)
W/System.err( 7092): at android.widget.AdapterView.performItemClick(AdapterView.java:284)
W/System.err( 7092): at android.widget.ListView.performItemClick(ListView.java:3513)
W/System.err( 7092): at android.widget.AbsListView$PerformClick.run(AbsListView.java:1849)
W/System.err( 7092): at android.os.Handler.handleCallback(Handler.java:587)
W/System.err( 7092): at android.os.Handler.dispatchMessage(Handler.java:92)
W/System.err( 7092): at android.os.Looper.loop(Looper.java:123)
W/System.err( 7092): at android.app.ActivityThread.main(ActivityThread.java:3835)
W/System.err( 7092): at java.lang.reflect.Method.invokeNative(Native Method)
W/System.err( 7092): at java.lang.reflect.Method.invoke(Method.java:507)
W/System.err( 7092): at com.android.internal.os.ZygoteInit$MethodAndArgsCaller.run(ZygoteInit.java:841)
W/System.err( 7092): at com.android.internal.os.ZygoteInit.main(ZygoteInit.java:599)
W/System.err( 7092): at dalvik.system.NativeStart.main(Native Method)
I/MainActivity( 7092): URL: null
I/TASageTV( 7092): Message: CTM:1303522312
I/TASageTV( 7092): Message: VDS:11155|618577
I/TASageTV( 7092): Message: CTM:1303522313
I/TASageTV( 7092): Message: VDS:11155|618577
I/TASageTV( 7092): Message: CTM:1303522314
I/TASageTV( 7092): Message: VDS:11155|618577
I/TASageTV( 7092): Message: CTM:1303522315
I/TASageTV( 7092): Message: CTM:1303522316
I/TASageTV( 7092): Message: VDS:11155|618577
I/TASageTV( 7092): Message: CTM:1303522317
I/TASageTV( 7092): Message: VDS:11155|618577
I/TASageTV( 7092): Message: CTM:1303522318
I/TASageTV( 7092): Message: CTM:1303522319
I/TASageTV( 7092): Message: VDS:11155|618577
I/TASageTV( 7092): Message: CTM:1303522320
I/TASageTV( 7092): Message: VDS:11155|618577
I/TASageTV( 7092): Message: CTM:1303522321
I/TASageTV( 7092): Message: CTM:1303522322
I/TASageTV( 7092): Message: VDS:11155|618577
I/TASageTV( 7092): Message: CTM:1303522323
I/STVServer( 7092): URL = http://mzup:yasmi@192.168.1.102:8080/stream/HTTPLiveStreamingPlaylist?MediaFileId=4676429
I/TASageTV( 7092): Message: VDS:11155|618577
D/szipinf ( 1139): Initializing inflate state
I/TASageTV( 7092): Message: CTM:1303522324
I/ActivityManager( 1139): Displayed android/com.android.internal.app.ResolverActivity: +399ms
I/TASageTV( 7092): Message: CTM:1303522325
I/TASageTV( 7092): Message: VDS:11155|618577
D/szipinf ( 7152): Initializing inflate state
D/szipinf ( 7152): Initializing inflate state
I/ActivityThread( 7152): Pub browser: com.android.browser.BrowserProvider
I/TASageTV( 7092): Message: CTM:1303522326
I/Database( 7152): sqlite returned: error code = 0, msg = Recovered 26 frames from WAL file /data/data/com.android.browser/databases/webview.db-wal
I/Database( 7152): sqlite returned: error code = 0, msg = Recovered 201 frames from WAL file /data/data/com.android.browser/databases/webviewCache.db-wal
I/BrowserSettings( 7152): Selected search engine: ActivitySearchEngine{android.app.SearchableInfo@40539018}
D/dalvikvm( 7152): GC_EXTERNAL_ALLOC freed 91K, 52% free 2609K/5379K, external 0K/0K, paused 25ms
I/Database( 7152): sqlite returned: error code = 0, msg = Recovered 36 frames from WAL file /data/data/com.android.browser/databases/browser.db-wal
D/dalvikvm( 7152): GC_EXTERNAL_ALLOC freed 42K, 51% free 2669K/5379K, external 513K/514K, paused 24ms
I/TASageTV( 7092): Message: VDS:11155|618577
I/ActivityManager( 1139): Displayed com.android.browser/.BrowserActivity: +1s421ms
I/TASageTV( 7092): Message: CTM:1303522327
D/dalvikvm( 7152): GC_CONCURRENT freed 214K, 52% free 2734K/5639K, external 515K/1026K, paused 3ms+2ms
I/TASageTV( 7092): Message: CTM:1303522328
D/dalvikvm( 1244): GC_EXTERNAL_ALLOC freed 506K, 60% free 3180K/7943K, external 9090K/9273K, paused 33ms
D/szipinf ( 7179): Initializing inflate state
I/TASageTV( 7092): Message: VDS:11155|618577
D/dalvikvm( 7179): Trying to load lib /data/data/com.bw.xplayer.ui/lib/libdetection.so 0x40514230
D/dalvikvm( 7179): Added shared lib /data/data/com.bw.xplayer.ui/lib/libdetection.so 0x40514230
D/dalvikvm( 7179): No JNI_OnLoad found in /data/data/com.bw.xplayer.ui/lib/libdetection.so 0x40514230, skipping init
I/Mirage ( 7179): cpuinfo_len is (272):
I/Mirage ( 7179): Processor : ARMv7 Processor rev 3 (v7l)
I/Mirage ( 7179): BogoMIPS : 1098.66
I/Mirage ( 7179): Features : swp half thumb fastmult vfp edsp neon vfpv3
I/Mirage ( 7179): CPU implementer : 0x41
I/Mirage ( 7179): CPU architecture: 7
I/Mirage ( 7179): CPU variant : 0x1
I/Mirage ( 7179): CPU part : 0xc08
I/Mirage ( 7179): CPU revision : 3
I/Mirage ( 7179):
I/Mirage ( 7179): Hardware : sholes
I/Mirage ( 7179): Revision : 0000
I/Mirage ( 7179): Serial : 0000000000000000
I/Mirage ( 7179):
I/Mirage ( 7179): found cpuArch = '7'
I/Mirage ( 7179): found cpuProc = 'ARMv7 Processor rev 3 (v7l)'
I/Mirage ( 7179): found cpuFeatures = 'swp half thumb fastmult vfp edsp neon vfpv3 '
I/Mirage.Player( 7179): loading optimized core...
D/dalvikvm( 7179): Trying to load lib /data/data/com.bw.xplayer.ui/library/libcore.so 0x40514230
D/dalvikvm( 7179): Added shared lib /data/data/com.bw.xplayer.ui/library/libcore.so 0x40514230
D/dalvikvm( 7179): No JNI_OnLoad found in /data/data/com.bw.xplayer.ui/library/libcore.so 0x40514230, skipping init
D/dalvikvm( 7179): Trying to load lib /data/data/com.bw.xplayer.ui/lib/libplayer_9.so 0x40514230
D/dalvikvm( 7179): Added shared lib /data/data/com.bw.xplayer.ui/lib/libplayer_9.so 0x40514230
I/Mirage ( 7179): initialized
D/dalvikvm( 7179): GC_EXTERNAL_ALLOC freed 64K, 53% free 2564K/5379K, external 0K/0K, paused 82ms
I/PowerWidget( 1209): Clearing any old widget stuffs
I/PowerWidget( 1209): Setting up widget
I/PowerWidget( 1209): Default buttons being loaded
I/PowerWidget( 1209): Button list: toggleWifi|toggleBluetooth|toggleGPS|toggleSound
I/PowerWidget( 1209): Setting up button: toggleWifi
I/PowerWidget( 1209): Setting up button: toggleBluetooth
I/PowerWidget( 1209): Setting up button: toggleGPS
I/PowerWidget( 1209): Setting up button: toggleSound
D/dalvikvm( 7179): GC_EXTERNAL_ALLOC freed 12K, 53% free 2561K/5379K, external 680K/686K, paused 46ms
D/webviewglue( 7152): nativeDestroy view: 0x21a798
I/ActivityManager( 1139): Displayed com.bw.xplayer.ui/.PlayView: +993ms
W/IInputConnectionWrapper( 7152): showStatusIcon on inactive InputConnection
D/dalvikvm( 7179): GC_EXTERNAL_ALLOC freed 22K, 52% free 2605K/5379K, external 1288K/1552K, paused 35ms
D/Mirage.PlayView( 7179): received url: http://192.168.1.102:8080/stream/HTTPLiveStreamingPlaylist?MediaFileId=4676429
W/System.err( 7179): 2011-04-28 18:59:42.364::INFO: Logging to STDERR via b.a.d.d
D/dalvikvm( 7179): GC_CONCURRENT freed 204K, 51% free 2782K/5639K, external 1710K/2147K, paused 5ms+14ms
W/System.err( 7179): 2011-04-28 18:59:42.641::INFO: jetty-0.0
W/System.err( 7179): 2011-04-28 18:59:42.722::INFO: Started a@0.0.0.0:8888
D/Mirage.PlayView( 7179): starting movie (http://localhost:8888/aa7e28ce-9f78-491b-a9cf-05aae93c5150/live.ts)
D/Mirage ( 7179): starting http://192.168.1.102:8080/stream/HTTPLiveStreamingPlaylist?MediaFileId=4676429
D/dalvikvm( 7179): GC_CONCURRENT freed 356K, 50% free 3070K/6087K, external 1710K/2147K, paused 3ms+6ms
