W/System.err( 7179): 2011-04-28 18:59:42.981::WARN: /aa7e28ce-9f78-491b-a9cf-05aae93c5150/live.ts: java.io.FileNotFoundException: http://192.168.1.102:8080/stream/HTTPLiveStreamingPlaylist?MediaFileId=4676429
E/Mirage.Player( 7179): failed starting movie (http://localhost:8888/aa7e28ce-9f78-491b-a9cf-05aae93c5150/live.ts): -1
D/dalvikvm( 1139): GC_EXPLICIT freed 656K, 46% free 6417K/11719K, external 2871K/3054K, paused 71ms
D/Mirage.PlayView( 7179): *** onPause ***
I/PowerWidget( 1209): Clearing any old widget stuffs
I/PowerWidget( 1209): Setting up widget
I/PowerWidget( 1209): Default buttons being loaded
I/PowerWidget( 1209): Button list: toggleWifi|toggleBluetooth|toggleGPS|toggleSound
I/PowerWidget( 1209): Setting up button: toggleWifi
I/PowerWidget( 1209): Setting up button: toggleBluetooth
I/PowerWidget( 1209): Setting up button: toggleGPS
I/PowerWidget( 1209): Setting up button: toggleSound
D/szipinf ( 7202): Initializing inflate state
D/dalvikvm( 7202): GC_EXTERNAL_ALLOC freed 58K, 53% free 2552K/5379K, external 0K/0K, paused 47ms
D/AndroidRuntime( 7202): Shutting down VM
W/dalvikvm( 7202): threadid=1: thread exiting with uncaught exception (group=0x40015560)
D/dalvikvm( 1139): GC_EXPLICIT freed 149K, 46% free 6386K/11719K, external 2930K/3054K, paused 96ms
I/Process ( 7202): Sending signal. PID: 7202 SIG: 9
D/szipinf ( 7210): Initializing inflate state
D/dalvikvm( 7210): GC_EXTERNAL_ALLOC freed 60K, 53% free 2551K/5379K, external 0K/0K, paused 40ms
D/dalvikvm( 7210): GC_EXTERNAL_ALLOC freed 9K, 53% free 2568K/5379K, external 488K/513K, paused 31ms
W/IInputConnectionWrapper( 7179): showStatusIcon on inactive InputConnection
I/ActivityManager( 1139): Displayed tallus.android.sagetv/.show.ShowRecordings: +352ms (total +4s340ms)
D/Mirage.PlayView( 7179): *** onDestroy ***
E/WindowManager( 7179): Activity com.bw.xplayer.ui.PlayView has leaked window com.android.internal.policy.impl.PhoneWindow$DecorView@40515428 that was originally added here
E/WindowManager( 7179): android.view.WindowLeaked: Activity com.bw.xplayer.ui.PlayView has leaked window com.android.internal.policy.impl.PhoneWindow$DecorView@40515428 that was originally added here
E/WindowManager( 7179): at android.view.ViewRoot.(ViewRoot.java:258)
E/WindowManager( 7179): at android.view.WindowManagerImpl.addView(WindowManagerImpl.java:148)
E/WindowManager( 7179): at android.view.WindowManagerImpl.addView(WindowManagerImpl.java:91)
E/WindowManager( 7179): at android.view.Window$LocalWindowManager.addView(Window.java:465)
E/WindowManager( 7179): at android.app.Dialog.show(Dialog.java:241)
E/WindowManager( 7179): at com.bw.xplayer.ui.aq.run(Unknown Source)
E/WindowManager( 7179): at android.os.Handler.handleCallback(Handler.java:587)
E/WindowManager( 7179): at android.os.Handler.dispatchMessage(Handler.java:92)
E/WindowManager( 7179): at android.os.Looper.loop(Looper.java:123)
E/WindowManager( 7179): at android.app.ActivityThread.main(ActivityThread.java:3835)
E/WindowManager( 7179): at java.lang.reflect.Method.invokeNative(Native Method)
E/WindowManager( 7179): at java.lang.reflect.Method.invoke(Method.java:507)
E/WindowManager( 7179): at com.android.internal.os.ZygoteInit$MethodAndArgsCaller.run(ZygoteInit.java:841)
E/WindowManager( 7179): at com.android.internal.os.ZygoteInit.main(ZygoteInit.java:599)
E/WindowManager( 7179): at dalvik.system.NativeStart.main(Native Method)
I/TASageTV( 7210): Starting TaSageTV version 1.69
I/TASageTV( 7210): Update client selection
I/TASageTV( 7210): Update server selection
I/ActivityManager( 1139): Displayed tallus.android.sagetv/.TASageTV: +584ms
I/System.out( 7210): Client service bound
I/TASageTV( 7210): Update client selection
I/TASageTV( 7210): Server service bound
I/STVServer( 7210): [Lineups] Using a database...
I/TASageTV( 7210): Update server selection
I/TASageTV( 7210): Connected to 192.168.1.102:9250
I/TASageTV( 7210): Update server selection
I/TASageTV( 7210): Starting TCP listen
D/dalvikvm( 7210): GC_EXTERNAL_ALLOC freed 106K, 51% free 2720K/5511K, external 1025K/1036K, paused 26ms
I/TASageTV( 7210): Message: VER:2.2.1
I/TASageTV( 7210): Update server selection
I/TASageTV( 7210): Sending: ANS:JSON
I/TASageTV( 7210): LOC
I/TASageTV( 7210): MAX:10
I/TASageTV( 7210): SMS:13040242
I/TASageTV( 7210): INI
I/TASageTV( 7210): LED
I/TASageTV( 7210): NED
I/TASageTV( 7210): SVP:0
I/TASageTV( 7210): Releasing the services...
I/TASageTV( 7210): Closing the TCP client
I/TASageTV( 7210): Closing the TCP client
E/TASageTV( 7210): [Local Server] Lost connection...
D/dalvikvm( 1244): GC_EXTERNAL_ALLOC freed 120K, 60% free 3184K/7943K, external 8128K/8738K, paused 31ms
D/dalvikvm( 1244): GC_EXTERNAL_ALLOC freed 13K, 60% free 3205K/7943K, external 10086K/10130K, paused 29ms
D/szipinf ( 7225): Initializing inflate state
D/dalvikvm( 7225): GC_EXTERNAL_ALLOC freed 52K, 54% free 2516K/5379K, external 0K/0K, paused 40ms
V/alogcat ( 7225): created
D/alogcat ( 7225): canceling periodic saves
V/alogcat ( 7225): started
V/alogcat ( 7225): restore instance
V/alogcat ( 7225): resumed
D/alogcat ( 7225): starting ...
I/ActivityManager( 1139): Displayed org.jtb.alogcat/.LogActivity: +563ms (total +2s217ms)
D/dalvikvm( 7225): GC_CONCURRENT freed 108K, 50% free 2841K/5639K, external 577K/587K, paused 2ms+6ms
W/InputMethodManager( 7225): Ignoring onBind: cur seq=176, given seq=175
D/dalvikvm( 1480): GC_EXPLICIT freed 72K, 55% free 2716K/5959K, external 715K/977K, paused 26ms
D/dalvikvm( 7225): GC_EXTERNAL_ALLOC freed 189K, 51% free 2873K/5767K, external 577K/587K, paused 42ms