D/alogcat ( 3202): starting ...
D/alogcat ( 3202): stopped
W/InputManagerService( 1875): Window already focused, ignoring focus gain of: com.android.internal.view.IInputMethodClient$Stub$Proxy@5a7c8a08
D/dalvikvm( 2051): GC freed 8793 objects / 527088 bytes in 97ms D/WifiHW(wifi.c)( 1875): wifi.c===================command===DRIVER RSSI-APPROX D/WifiHW(wifi.c)( 1875): ===============wifi send command:DRIVER RSSI-APPROX D/WifiHW(wifi.c)( 1875): =========wpa_ctrl response, reply:-45I reply_len:4 D/*************getRssiHelper***************( 1875): strlen(reply): 4 D/WifiHW(wifi.c)( 1875): wifi.c===================command===DRIVER LINKSPEED D/WifiHW(wifi.c)( 1875): ===============wifi send command:DRIVER LINKSPEED D/WifiHW(wifi.c)( 1875): =========wpa_ctrl response, reply:LINKSPEED reply_len:9
D/dalvikvm( 1875): GC freed 31899 objects / 1625904 bytes in 243ms D/WifiHW(wifi.c)( 1875): wifi.c===================command===DRIVER RSSI-APPROX D/WifiHW(wifi.c)( 1875): ===============wifi send command:DRIVER RSSI-APPROX D/WifiHW(wifi.c)( 1875): =========wpa_ctrl response, reply:-57I reply_len:4 D/*************getRssiHelper***************( 1875): strlen(reply): 4 D/WifiHW(wifi.c)( 1875): wifi.c===================command===DRIVER LINKSPEED D/WifiHW(wifi.c)( 1875): ===============wifi send command:DRIVER LINKSPEED D/WifiHW(wifi.c)( 1875): =========wpa_ctrl response, reply:LINKSPEED reply_len:9
E/StatusBarView( 1875): onInterceptTouchEvent hit at -- home back menu --
E/StatusBarView( 1875):
D/StatusBarView( 1875): state machine error! Never be here!
D/StatusBarView( 1875): state machine error! Never be here!
D/StatusBarView( 1875): state machine error! Never be here!
D/StatusBarView( 1875): state machine error! Never be here!
D/StatusBarView( 1875): state machine error! Never be here!
D/StatusBarView( 1875): state machine error! Never be here!
D/StatusBarView( 1875): state machine error! Never be here!
D/StatusBarView( 1875): state machine error! Never be here!
D/StatusBarPolicy( 1875): jerryxu Intent.ACTION_HOMEICON
W/WindowManager( 1875): Unable to find ITelephony interface
I/ActivityManager( 1875): Start proc com.android.settings for broadcast com.android.settings/.widget.SettingsAppWidgetProvider: pid=3309 uid=1000 gids={3003, 3002, 3001}
I/ActivityManager( 1875): Starting activity: Intent { act=android.intent.action.MAIN cat=[android.intent.category.HOME] flg=0x10200000 cmp=com.android.launcher/.Launcher }
V/alogcat ( 3202): save instance
V/alogcat ( 3202): paused
E/WindowManager( 1875): computeNewConfigurationLocked
D/alogcat ( 3202): stopping ...
D/dalvikvm( 3309): Total arena pages for JIT: 2
D/dalvikvm( 3309): Total arena pages for JIT: 3
D/alogcat ( 3202): stopped
D/dalvikvm( 1947): GC freed 104 objects / 5696 bytes in 130ms
I/ActivityManager( 1875): Process com.android.settings (pid 3309) has died.
D/dalvikvm( 2051): GC freed 8758 objects / 522088 bytes in 102ms D/WifiHW(wifi.c)( 1875): wifi.c===================command===DRIVER RSSI-APPROX D/WifiHW(wifi.c)( 1875): ===============wifi send command:DRIVER RSSI-APPROX D/WifiHW(wifi.c)( 1875): =========wpa_ctrl response, reply:-49I reply_len:4 D/*************getRssiHelper***************( 1875): strlen(reply): 4 D/WifiHW(wifi.c)( 1875): wifi.c===================command===DRIVER LINKSPEED D/WifiHW(wifi.c)( 1875): ===============wifi send command:DRIVER LINKSPEED D/WifiHW(wifi.c)( 1875): =========wpa_ctrl response, reply:LINKSPEED reply_len:9 D/WifiHW(wifi.c)( 1875): wifi.c===================command===DRIVER RSSI-APPROX D/WifiHW(wifi.c)( 1875): ===============wifi send command:DRIVER RSSI-APPROX D/WifiHW(wifi.c)( 1875): =========wpa_ctrl response, reply:-49I reply_len:4 D/*************getRssiHelper***************( 1875): strlen(reply): 4 D/WifiHW(wifi.c)( 1875): wifi.c===================command===DRIVER LINKSPEED D/WifiHW(wifi.c)( 1875): ===============wifi send command:DRIVER LINKSPEED D/WifiHW(wifi.c)( 1875): =========wpa_ctrl response, reply:LINKSPEED reply_len:9
D/dalvikvm( 2051): GC freed 8760 objects / 532128 bytes in 97ms
W/Process ( 1875): Unable to open /proc/3309/status
I/ActivityManager( 1875): Starting activity: Intent { act=android.intent.action.MAIN cat=[android.intent.category.LAUNCHER] flg=0x10200000 cmp=tallus.android.sagetv/.TaSageTV }
I/ActivityManager( 1875): Start proc tallus.android.sagetv for activity tallus.android.sagetv/.TaSageTV: pid=3329 uid=10047 gids={3003, 3002, 1015}
E/WindowManager( 1875): computeNewConfigurationLocked
I/ActivityThread( 3329): Publishing provider tallus.android.sagetv.SageTVProvider: tallus.android.sagetv.database.SageTVProvider
D/dalvikvm( 3329): Total arena pages for JIT: 2
D/dalvikvm( 3329): Total arena pages for JIT: 3 D/WifiHW(wifi.c)( 1875): wifi.c===================command===DRIVER RSSI-APPROX D/WifiHW(wifi.c)( 1875): ===============wifi send command:DRIVER RSSI-APPROX D/WifiHW(wifi.c)( 1875): =========wpa_ctrl response, reply:-47I reply_len:4 D/*************getRssiHelper***************( 1875): strlen(reply): 4 D/WifiHW(wifi.c)( 1875): wifi.c===================command===DRIVER LINKSPEED D/WifiHW(wifi.c)( 1875): ===============wifi send command:DRIVER LINKSPEED D/WifiHW(wifi.c)( 1875): =========wpa_ctrl response, reply:LINKSPEED reply_len:9
I/TAG_CWX ( 3329): Generated:35828001426264. D/WifiHW(wifi.c)( 1875): wifi.c===================command===STATUS D/WifiHW(wifi.c)( 1875): ===============wifi send command:STATUS D/WifiHW(wifi.c)( 1875): =========wpa_ctrl response, reply:bssid=00:1f:1f:6b:0e:00 D/WifiHW(wifi.c)( 1875): ssid=fishbowl D/WifiHW(wifi.c)( 1875): id=0 D/WifiHW(wifi.c)( 1875): pairwise_cipher=NONE D/WifiHW(wifi.c)( 1875): group_cipher=NONE D/WifiHW(wifi.c)( 1875): key_mgmt=NONE D/WifiHW(wifi.c)( 1875): wpa_state=COMPLETED D/WifiHW(wifi.c)( 1875): ip_address=192.168.1.165 D/WifiHW(wifi.c)( 1875): F reply_len:141 D/WifiHW(wifi.c)( 1875): wifi.c===================command===DRIVER RSSI D/WifiHW(wifi.c)( 1875): ===============wifi send command:DRIVER RSSI D/WifiHW(wifi.c)( 1875): =========wpa_ctrl response, reply:-47I@��@ reply_len:4 D/*************getRssiHelper***************( 1875): strlen(reply): 4 D/WifiHW(wifi.c)( 1875): wifi.c===================command===DRIVER LINKSPEED D/WifiHW(wifi.c)( 1875): ===============wifi send command:DRIVER LINKSPEED D/WifiHW(wifi.c)( 1875): =========wpa_ctrl response, reply:LINKSPEED reply_len:9
E/BluetoothService( 1875): *Error*: GetAdapterProperties returned NULL
I/QLMLib ( 3329): Release url = http://talluscorp.net/qlm/QlmService.asmx/ReleaseLicenseHttp?is_avkey=AHJA3F0Y00JG7GUP8KKA4R1NSX&is_pcid=1919065CA39E6103292A15C7BC1CD15E
D/dalvikvm( 3329): GC freed 3616 objects / 247232 bytes in 183ms
I/MyMenu ( 3329): Reading the menu
E/WindowManager( 1875): computeNewConfigurationLocked
I/TaSageTV( 3329): Starting TaSageTV version 2.47
W/dalvikvm( 3329): threadid=19: thread exiting with uncaught exception (group=0x4001b180)
E/AndroidRuntime( 3329): Uncaught handler: thread Thread-10 exiting due to uncaught exception
E/AndroidRuntime( 3329): java.lang.NullPointerException
E/AndroidRuntime( 3329): at com.fedorvlasov.lazylist.ImageLoader.cleanCache(ImageLoader.java:223)
E/AndroidRuntime( 3329): at tallus.android.sagetv.TaSageTV.run(TaSageTV.java:193)
E/AndroidRuntime( 3329): at java.lang.Thread.run(Thread.java:1096)
I/Process ( 1875): Sending signal. PID: 3329 SIG: 3
I/dalvikvm( 3329): threadid=7: reacting to signal 3
I/dalvikvm( 3329): Wrote stack trace to '/data/anr/traces.txt'
I/System.out( 3329): Client service bound
W/STVClient( 3329): Set index: -1
I/ActivityManager( 1875): Displayed activity tallus.android.sagetv/.TaSageTV: 2376 ms (total 2376 ms)
I/TaSageTV( 3329): Server service bound
I/STVServer( 3329): [Lineups] Using a database...
I/STVServer( 3329): Done reading the database
I/TASageTV( 3329): Connected to 192.168.1.170:9250
I/TASageTV( 3329): Starting TCP listen D/WifiHW(wifi.c)( 1875): wifi.c===================command===DRIVER RSSI-APPROX D/WifiHW(wifi.c)( 1875): ===============wifi send command:DRIVER RSSI-APPROX D/WifiHW(wifi.c)( 1875): =========wpa_ctrl response, reply:-47I reply_len:4 D/*************getRssiHelper***************( 1875): strlen(reply): 4 D/WifiHW(wifi.c)( 1875): wifi.c===================command===DRIVER LINKSPEED D/WifiHW(wifi.c)( 1875): ===============wifi send command:DRIVER LINKSPEED D/WifiHW(wifi.c)( 1875): =========wpa_ctrl response, reply:LINKSPEED reply_len:9
I/STVServer( 3329): Done reading the database
I/TASageTV( 3329): Sending: ANS:JSON2
I/TASageTV( 3329): LOC
I/TASageTV( 3329): MAX:-1
I/TASageTV( 3329): SMS:13186151
I/TASageTV( 3329): LED
I/TASageTV( 3329): NED
I/TASageTV( 3329): BTN
I/TASageTV( 3329): SVP:3
I/TASageTV( 3329): INI
W/STVClient( 3329): Set index: 0
I/TASageTV( 3329): Connected to 192.168.1.170:9260
I/TASageTV( 3329): Starting TCP listen
D/dalvikvm( 3329): GC freed 2809 objects / 224816 bytes in 214ms
I/STVClient( 3329): [192.168.1.170] Version = 2.3.1
I/TASageTV( 3329): Sending: ANS:JSON
I/TASageTV( 3329): LTP
I/TASageTV( 3329): INI
D/dalvikvm( 3329): GC freed 1154 objects / 334104 bytes in 201ms
D/dalvikvm( 3329): GC freed 923 objects / 423952 bytes in 302ms D/WifiHW(wifi.c)( 1875): wifi.c===================command===DRIVER RSSI-APPROX D/WifiHW(wifi.c)( 1875): ===============wifi send command:DRIVER RSSI-APPROX D/WifiHW(wifi.c)( 1875): =========wpa_ctrl response, reply:-51I reply_len:4 D/*************getRssiHelper***************( 1875): strlen(reply): 4 D/WifiHW(wifi.c)( 1875): wifi.c===================command===DRIVER LINKSPEED D/WifiHW(wifi.c)( 1875): ===============wifi send command:DRIVER LINKSPEED D/WifiHW(wifi.c)( 1875): =========wpa_ctrl response, reply:LINKSPEED reply_len:9
D/dalvikvm( 3329): GC freed 1476 objects / 470712 bytes in 119ms
D/dalvikvm( 3329): GC freed 1856 objects / 527992 bytes in 119ms
I/QLMLib ( 3329): Result = ActivationKey AHJA3F0Y00JG7GUP8KKA4R1NSX has been released.
I/XMLResult( 3329): Parsing: result = "ActivationKey AHJA3F0Y00JG7GUP8KKA4R1NSX has been released."
D/dalvikvm( 3329): GC freed 3501 objects / 535832 bytes in 217ms
I/QLMLib ( 3329): Activation url = http://talluscorp.net/qlm/QlmService.asmx/ValidateLicense?is_avkey=AHJA3F0Y00JG7GUP8KKA4R1NSX&is_pcid=503C0F2ED3A35469AF1860A4E2DD3ECF
D/dalvikvm( 1875): GC freed 29754 objects / 1501840 bytes in 564ms
D/dalvikvm( 3329): GC freed 1121 objects / 267248 bytes in 229ms
I/QLMLib ( 3329): Result = The license AHJA3F0Y00JG7GUP8KKA4R1NSX is valid 2 U8GS3A0W00SYJ4698UHF4U12BT Carl Fisher c_e_fisher.01-aus@mmm.com 34 TASageTV 1 0
I/XMLResult( 3329): Parsing: result = "The license AHJA3F0Y00JG7GUP8KKA4R1NSX is valid"
I/XMLResult( 3329): Parsing: status = "2"
I/XMLResult( 3329): Parsing: pckey = "U8GS3A0W00SYJ4698UHF4U12BT"
I/XMLResult( 3329): Parsing: userFullName = "Carl Fisher"
I/XMLResult( 3329): Parsing: userEmail = "c_e_fisher.01-aus@mmm.com"
I/XMLResult( 3329): Parsing: productID = "34"
I/XMLResult( 3329): Parsing: productName = "TASageTV"
I/XMLResult( 3329): Parsing: majorVersion = "1"
I/XMLResult( 3329): Parsing: minorVersion = "0"
I/QLMLib ( 3329): Seed = 369078799881 D/WifiHW(wifi.c)( 1875): wifi.c===================command===DRIVER RSSI-APPROX D/WifiHW(wifi.c)( 1875): ===============wifi send command:DRIVER RSSI-APPROX D/WifiHW(wifi.c)( 1875): =========wpa_ctrl response, reply:-47I reply_len:4 D/*************getRssiHelper***************( 1875): strlen(reply): 4 D/WifiHW(wifi.c)( 1875): wifi.c===================command===DRIVER LINKSPEED D/WifiHW(wifi.c)( 1875): ===============wifi send command:DRIVER LINKSPEED D/WifiHW(wifi.c)( 1875): =========wpa_ctrl response, reply:LINKSPEED reply_len:9
D/dalvikvm( 3329): GC freed 11984 objects / 779984 bytes in 108ms D/WifiHW(wifi.c)( 1875): wifi.c===================command===DRIVER RSSI-APPROX D/WifiHW(wifi.c)( 1875): ===============wifi send command:DRIVER RSSI-APPROX D/WifiHW(wifi.c)( 1875): =========wpa_ctrl response, reply:-49I reply_len:4 D/*************getRssiHelper***************( 1875): strlen(reply): 4 D/WifiHW(wifi.c)( 1875): wifi.c===================command===DRIVER LINKSPEED D/WifiHW(wifi.c)( 1875): ===============wifi send command:DRIVER LINKSPEED D/WifiHW(wifi.c)( 1875): =========wpa_ctrl response, reply:LINKSPEED reply_len:9
I/Process ( 3329): Sending signal. PID: 3329 SIG: 9
I/WindowManager( 1875): WIN DEATH: Window{5a68c0f8 tallus.android.sagetv/tallus.android.sagetv.TaSageTV paused=false}
I/ActivityManager( 1875): Process tallus.android.sagetv (pid 3329) has died.
E/WindowManager( 1875): computeNewConfigurationLocked
W/UsageStats( 1875): Unexpected resume of com.android.launcher while already resumed in tallus.android.sagetv
W/InputManagerService( 1875): Window already focused, ignoring focus gain of: com.android.internal.view.IInputMethodClient$Stub$Proxy@5a8205a8
D/dalvikvm( 2051): GC freed 8678 objects / 517312 bytes in 105ms D/WifiHW(wifi.c)( 1875): wifi.c===================command===DRIVER RSSI-APPROX D/WifiHW(wifi.c)( 1875): ===============wifi send command:DRIVER RSSI-APPROX D/WifiHW(wifi.c)( 1875): =========wpa_ctrl response, reply:-63I reply_len:4 D/*************getRssiHelper***************( 1875): strlen(reply): 4 D/WifiHW(wifi.c)( 1875): wifi.c===================command===DRIVER LINKSPEED D/WifiHW(wifi.c)( 1875): ===============wifi send command:DRIVER LINKSPEED D/WifiHW(wifi.c)( 1875): =========wpa_ctrl response, reply:LINKSPEED reply_len:9
D/StatusBarPolicy( 1875): lizhenghui@archermind.com--xiaofeng---wifi hot point's signal sttrngth is newSignalLevel=2
E/StatusBarView( 1875): onInterceptTouchEvent hit at -- home back menu --
E/StatusBarView( 1875):
D/StatusBarView( 1875): state machine error! Never be here!
D/StatusBarView( 1875): state machine error! Never be here!
D/StatusBarView( 1875): state machine error! Never be here!
D/StatusBarView( 1875): state machine error! Never be here!
D/StatusBarView( 1875): state machine error! Never be here!
D/StatusBarView( 1875): state machine error! Never be here!
W/Process ( 1875): Unable to open /proc/3329/status
D/StatusBarPolicy( 1875): jerryxu Intent.ACTION_BACKICON
D/dalvikvm( 2051): GC freed 9079 objects / 543640 bytes in 111ms
E/StatusBarView( 1875): onInterceptTouchEvent hit at -- home back menu --
E/StatusBarView( 1875):
D/StatusBarView( 1875): state machine error! Never be here!
D/StatusBarView( 1875): state machine error! Never be here!
D/StatusBarView( 1875): state machine error! Never be here!
D/StatusBarView( 1875): state machine error! Never be here!
D/StatusBarView( 1875): state machine error! Never be here!
D/StatusBarView( 1875): state machine error! Never be here!
D/StatusBarView( 1875): state machine error! Never be here!
D/StatusBarPolicy( 1875): jerryxu Intent.ACTION_MENUICON D/WifiHW(wifi.c)( 1875): wifi.c===================command===DRIVER RSSI-APPROX D/WifiHW(wifi.c)( 1875): ===============wifi send command:DRIVER RSSI-APPROX D/WifiHW(wifi.c)( 1875): =========wpa_ctrl response, reply:-63I reply_len:4 D/*************getRssiHelper***************( 1875): strlen(reply): 4 D/WifiHW(wifi.c)( 1875): wifi.c===================command===DRIVER LINKSPEED D/WifiHW(wifi.c)( 1875): ===============wifi send command:DRIVER LINKSPEED D/WifiHW(wifi.c)( 1875): =========wpa_ctrl response, reply:LINKSPEED reply_len:9
W/InputManagerService( 1875): Window already focused, ignoring focus gain of: com.android.internal.view.IInputMethodClient$Stub$Proxy@5a812408 D/WifiHW(wifi.c)( 1875): wifi.c===================command===DRIVER RSSI-APPROX D/WifiHW(wifi.c)( 1875): ===============wifi send command:DRIVER RSSI-APPROX D/WifiHW(wifi.c)( 1875): =========wpa_ctrl response, reply:-49I reply_len:4 D/*************getRssiHelper***************( 1875): strlen(reply): 4 D/WifiHW(wifi.c)( 1875): wifi.c===================command===DRIVER LINKSPEED D/WifiHW(wifi.c)( 1875): ===============wifi send command:DRIVER LINKSPEED D/WifiHW(wifi.c)( 1875): =========wpa_ctrl response, reply:LINKSPEED reply_len:9
D/StatusBarPolicy( 1875): lizhenghui@archermind.com--xiaofeng---wifi hot point's signal sttrngth is newSignalLevel=3
D/dalvikvm( 1947): GC freed 293 objects / 17920 bytes in 143ms
D/dalvikvm( 2051): GC freed 8506 objects / 508944 bytes in 97ms
I/ActivityManager( 1875): Starting activity: Intent { act=android.intent.action.MAIN cat=[android.intent.category.LAUNCHER] flg=0x10200000 cmp=org.jtb.alogcat/.LogActivity }
E/WindowManager( 1875): computeNewConfigurationLocked
I/NotificationService( 1875): enqueueToast pkg=org.jtb.alogcat callback=android.app.ITransientNotification$Stub$Proxy@5a815f90 duration=1
D/alogcat ( 3202): stopping ...
D/alogcat ( 3202): canceling periodic saves
V/alogcat ( 3202): started
V/alogcat ( 3202): resumed
D/alogcat ( 3202): starting ...
D/dalvikvm( 3202): GC freed 6401 objects / 437936 bytes in 132ms D/WifiHW(wifi.c)( 1875): wifi.c===================command===DRIVER RSSI-APPROX D/WifiHW(wifi.c)( 1875): ===============wifi send command:DRIVER RSSI-APPROX D/WifiHW(wifi.c)( 1875): =========wpa_ctrl response, reply:-47I reply_len:4 D/*************getRssiHelper***************( 1875): strlen(reply): 4 D/WifiHW(wifi.c)( 1875): wifi.c===================command===DRIVER LINKSPEED D/WifiHW(wifi.c)( 1875): ===============wifi send command:DRIVER LINKSPEED D/WifiHW(wifi.c)( 1875): =========wpa_ctrl response, reply:LINKSPEED reply_len:9
D/dalvikvm( 1875): GC freed 32121 objects / 1572632 bytes in 224ms
E/StatusBarView( 1875): onInterceptTouchEvent hit at -- home back menu --
E/StatusBarView( 1875):
D/StatusBarView( 1875): state machine error! Never be here!
D/StatusBarView( 1875): state machine error! Never be here!
D/StatusBarView( 1875): state machine error! Never be here!
D/StatusBarView( 1875): state machine error! Never be here!
D/StatusBarView( 1875): state machine error! Never be here!
D/StatusBarView( 1875): state machine error! Never be here!
D/StatusBarView( 1875): state machine error! Never be here!
D/StatusBarView( 1875): state machine error! Never be here!
D/StatusBarView( 1875): state machine error! Never be here! D/WifiHW(wifi.c)( 1875): wifi.c===================command===DRIVER RSSI-APPROX D/WifiHW(wifi.c)( 1875): ===============wifi send command:DRIVER RSSI-APPROX D/WifiHW(wifi.c)( 1875): =========wpa_ctrl response, reply:-61I reply_len:4 D/*************getRssiHelper***************( 1875): strlen(reply): 4 D/WifiHW(wifi.c)( 1875): wifi.c===================command===DRIVER LINKSPEED D/WifiHW(wifi.c)( 1875): ===============wifi send command:DRIVER LINKSPEED D/WifiHW(wifi.c)( 1875): =========wpa_ctrl response, reply:LINKSPEED reply_len:9
D/StatusBarPolicy( 1875): lizhenghui@archermind.com--xiaofeng---wifi hot point's signal sttrngth is newSignalLevel=2
D/StatusBarPolicy( 1875): jerryxu Intent.ACTION_MENUICON
D/dalvikvm( 2051): GC freed 8360 objects / 501808 bytes in 99ms