D/dalvikvm( 5960): GC_CONCURRENT freed 1103K, 53% free 3199K/6727K, external 1625K/2137K, paused 5ms+26ms
I/global ( 5651): Loaded time zone names for en_US in 2080ms.
D/Volley ( 5651): [15] DiskBasedCache.put: Could not clean up file /data/data/com.android.vending/cache/images/-1393033525-1993694703
D/Volley ( 5651): [1] Request.finish: 4183 ms: [ ] http://lh3.ggpht.com/hngDEEFHI7QXdw1v7PxIlxRXbyIlcwvS_MzwRuPXkCnJ9YOvRVOdHDvWjII3F51aOkU=w60 LOW 97
I/ActivityThread( 5970): Pub com.google.android.googlequicksearchbox.shortcuts: com.google.android.googlequicksearchbox.ShortcutsProvider
I/ActivityThread( 5970): Pub com.google.android.googlequicksearchbox.google: com.google.android.googlequicksearchbox.google.GoogleSuggestionProvider
D/PicasaSync( 5960): accounts in DB=1
V/PicasaContentProvider( 5960): querySettings: defaults: {video_upload_wifi_only=1, sync_on_wifi_only=1, auto_upload_account_type=null, sync_on_battery=1, sync_on_roaming=0, auto_upload_enabled=0, auto_upload_account_name=null}
D/PicasaSyncManager( 5960): active network: NetworkInfo: type: WIFI[], state: CONNECTED/CONNECTED, reason: (unspecified), extra: (none), roaming: false, failover: false, isAvailable: true
D/PicasaSyncManager( 5960): background data: true
V/PicasaContentProvider( 5960): querySettings: defaults: {video_upload_wifi_only=1, sync_on_wifi_only=1, auto_upload_account_type=null, sync_on_battery=1, sync_on_roaming=0, auto_upload_enabled=0, auto_upload_account_name=null}
D/PicasaSyncManager( 5960): reject MetadataSyncTask (*****************) because downsync is disabled
D/PicasaSyncManager( 5960): battery info: false
I/global ( 5651): Loaded time zone names for en_US in 1177ms.
D/Volley ( 5651): [18] DiskBasedCache.put: Could not clean up file /data/data/com.android.vending/cache/images/-10257570211076546124
D/Volley ( 5651): [1] Request.finish: 5218 ms: [ ] http://lh4.ggpht.com/15i1uJ1IysldXXyTkSCj_Ck-WHODWA77s2B1QYZk72txr6RoHx68m3Uyokk2U19Ckg=w60 LOW 98
D/Volley ( 5651): [15] DiskBasedCache.put: Could not clean up file /data/data/com.android.vending/cache/images/-8817530321392377243
D/Volley ( 5651): [1] Request.finish: 4092 ms: [ ] http://lh5.ggpht.com/QQy1yiS3kqymj1-4JmixRcwuBqKWHQrWh5WLz_qEJrYPPMPQVIqoRKl_N1VEpEnDKw=w60 LOW 101
D/Volley ( 5651): [17] DiskBasedCache.put: Could not clean up file /data/data/com.android.vending/cache/images/-1824541961249692756
D/Volley ( 5651): [1] Request.finish: 5109 ms: [ ] http://lh5.ggpht.com/sLFaST57ErIAEz8H8-DRG7cSw-dd8zHlKX8amUfDCJtexWa1Y914vOBQDc0fK97m6qU=w60 LOW 99
D/Volley ( 5651): [16] DiskBasedCache.put: Could not clean up file /data/data/com.android.vending/cache/images/2819362751770188314
D/Volley ( 5651): [1] Request.finish: 4553 ms: [ ] http://lh4.ggpht.com/N-bgRctXpBGP3oYi3_Z-OI5HGFvbAXf28tf4onLMokwfPhIC8Tsk07derB-gesFEPwo_=w60 LOW 100
D/Volley ( 5651): [18] DiskBasedCache.put: Could not clean up file /data/data/com.android.vending/cache/images/-9049037661656668590
D/Volley ( 5651): [1] Request.finish: 4073 ms: [ ] http://lh4.ggpht.com/LT3jJ4WOXFaFvmI4q9fxWSrHwcyKZis-SteDPqhbE0RMrViHuVYAezL_bC49OA3K3A=w60 LOW 102
D/Volley ( 5651): [15] DiskBasedCache.put: Could not clean up file /data/data/com.android.vending/cache/images/-875299695-377161006
D/Volley ( 5651): [1] Request.finish: 3962 ms: [ ] http://market.android.com/publish/images/OwAAAOFH8eFY0-IvaWG4RdN4BqungCj_MIVdfaYF0QDvHPd8WSd9POpr568wILIHem2GYu-FG4ZUiWy8l9lD8TlfulkAzfqVaQkAQWY5EfAx-JxqETK0A5S7u_Ch.png LOW 103
D/KeyguardViewMediator( 158): setHidden false
D/KeyguardViewMediator( 158): setHidden false
D/KeyguardViewMediator( 158): setHidden false
D/KeyguardViewMediator( 158): setHidden false
D/KeyguardViewMediator( 158): setHidden false
D/KeyguardViewMediator( 158): setHidden false
D/KeyguardViewMediator( 158): setHidden false
D/KeyguardViewMediator( 158): setHidden false
D/KeyguardViewMediator( 158): setHidden false
D/KeyguardViewMediator( 158): setHidden false
D/KeyguardViewMediator( 158): setHidden false
D/KeyguardViewMediator( 158): setHidden false
D/KeyguardViewMediator( 158): setHidden false
D/KeyguardViewMediator( 158): setHidden false
D/KeyguardViewMediator( 158): setHidden false
D/KeyguardViewMediator( 158): setHidden false
D/KeyguardViewMediator( 158): setHidden false
D/dalvikvm( 243): GC_CONCURRENT freed 871K, 52% free 3241K/6663K, external 3013K/3081K, paused 13ms+13ms
D/dalvikvm( 1494): GC_EXPLICIT freed 190K, 48% free 3621K/6855K, external 4163K/4326K, paused 107ms
D/KeyguardViewMediator( 158): setHidden false
D/KeyguardViewMediator( 158): setHidden false
D/KeyguardViewMediator( 158): setHidden false
D/KeyguardViewMediator( 158): setHidden false
D/KeyguardViewMediator( 158): setHidden false
D/KeyguardViewMediator( 158): setHidden false
D/KeyguardViewMediator( 158): setHidden false
D/KeyguardViewMediator( 158): setHidden false
D/KeyguardViewMediator( 158): setHidden false
D/KeyguardViewMediator( 158): setHidden false
D/KeyguardViewMediator( 158): setHidden false
D/KeyguardViewMediator( 158): setHidden false
D/KeyguardViewMediator( 158): setHidden false
D/KeyguardViewMediator( 158): setHidden false
D/KeyguardViewMediator( 158): setHidden false
W/WindowManager( 158): Reached focused app: AppWindowToken{2b1917d8 token=HistoryRecord{2b191278 com.android.vending/.AssetBrowserActivity}}
D/KeyguardViewMediator( 158): setHidden false
W/WindowManager( 158): Reached focused app: AppWindowToken{2b208778 token=HistoryRecord{2b3e70a8 org.jtb.alogcat/.LogActivity}}
D/KeyguardViewMediator( 158): setHidden false
W/WindowManager( 158): Reached focused app: AppWindowToken{2b208778 token=HistoryRecord{2b3e70a8 org.jtb.alogcat/.LogActivity}}
W/WindowManager( 158): Reached focused app: AppWindowToken{2b208778 token=HistoryRecord{2b3e70a8 org.jtb.alogcat/.LogActivity}}
D/KeyguardViewMediator( 158): setHidden false
W/WindowManager( 158): Reached focused app: AppWindowToken{2b208778 token=HistoryRecord{2b3e70a8 org.jtb.alogcat/.LogActivity}}
D/KeyguardViewMediator( 158): setHidden false
D/KeyguardViewMediator( 158): setHidden false
D/KeyguardViewMediator( 158): setHidden false
D/KeyguardViewMediator( 158): setHidden false
D/KeyguardViewMediator( 158): setHidden false
D/KeyguardViewMediator( 158): setHidden false
D/KeyguardViewMediator( 158): setHidden false
D/KeyguardViewMediator( 158): setHidden false
D/KeyguardViewMediator( 158): setHidden false
D/KeyguardViewMediator( 158): setHidden false
V/alogcat ( 5979): created
D/alogcat ( 5979): canceling periodic saves
V/alogcat ( 5979): started
V/alogcat ( 5979): resumed
D/alogcat ( 5979): starting ...
D/KeyguardViewMediator( 158): setHidden false
D/KeyguardViewMediator( 158): setHidden false
D/PowerManagerService( 158): acquireWakeLock flags=0xa tag=KEEP_SCREEN_ON_FLAG
D/KeyguardViewMediator( 158): setHidden false
D/KeyguardViewMediator( 158): setHidden false
I/ActivityManager( 158): Displayed org.jtb.alogcat/.LogActivity: +872ms
D/KeyguardViewMediator( 158): setHidden false
D/KeyguardViewMediator( 158): setHidden false
D/KeyguardViewMediator( 158): setHidden false
D/KeyguardViewMediator( 158): setHidden false
D/KeyguardViewMediator( 158): setHidden false
D/KeyguardViewMediator( 158): setHidden false
D/KeyguardViewMediator( 158): setHidden false
D/KeyguardViewMediator( 158): setHidden false
D/KeyguardViewMediator( 158): setHidden false
D/KeyguardViewMediator( 158): setHidden false
D/KeyguardViewMediator( 158): setHidden false
D/KeyguardViewMediator( 158): setHidden false
D/KeyguardViewMediator( 158): setHidden false
D/KeyguardViewMediator( 158): setHidden false
D/KeyguardViewMediator( 158): setHidden false
D/KeyguardViewMediator( 158): setHidden false
D/KeyguardViewMediator( 158): setHidden false
D/KeyguardViewMediator( 158): setHidden false
D/KeyguardViewMediator( 158): setHidden false
D/KeyguardViewMediator( 158): setHidden false
D/KeyguardViewMediator( 158): setHidden false
D/KeyguardViewMediator( 158): setHidden false
D/KeyguardViewMediator( 158): setHidden false
D/KeyguardViewMediator( 158): setHidden false
D/KeyguardViewMediator( 158): setHidden false
D/KeyguardViewMediator( 158): setHidden false
D/KeyguardViewMediator( 158): setHidden false
D/KeyguardViewMediator( 158): setHidden false
D/KeyguardViewMediator( 158): setHidden false
D/KeyguardViewMediator( 158): setHidden false
D/KeyguardViewMediator( 158): setHidden false
D/KeyguardViewMediator( 158): setHidden false
D/KeyguardViewMediator( 158): setHidden false
D/KeyguardViewMediator( 158): setHidden false
D/KeyguardViewMediator( 158): setHidden false
D/KeyguardViewMediator( 158): setHidden false
D/KeyguardViewMediator( 158): setHidden false
D/KeyguardViewMediator( 158): setHidden false
D/KeyguardViewMediator( 158): setHidden false
D/KeyguardViewMediator( 158): setHidden false
D/KeyguardViewMediator( 158): setHidden false
D/KeyguardViewMediator( 158): setHidden false
D/KeyguardViewMediator( 158): setHidden false
D/KeyguardViewMediator( 158): setHidden false
D/KeyguardViewMediator( 158): setHidden false
I/dun_service( 104): received event: DUN_EVENT_USB_UNPLUG
I/dun_service( 104): received event(DUN_EVENT_USB_UNPLUG) in state(DUN_STATE_USB_UNPLUG)
I/dun_service( 104): Ignoring the event DUN_EVENT_USB_UNPLUG in USB_UNPLUG_STATE
I/dun_service( 104): Moved to state(DUN_STATE_USB_UNPLUG)
D/KeyguardUpdateMonitor( 158): received broadcast android.intent.action.BATTERY_CHANGED
D/KeyguardUpdateMonitor( 158): handleBatteryUpdate
D/KeyguardViewMediator( 158): setHidden false
D/KeyguardViewMediator( 158): setHidden false
D/KeyguardViewMediator( 158): setHidden false
D/KeyguardViewMediator( 158): setHidden false
D/KeyguardViewMediator( 158): setHidden false
D/KeyguardViewMediator( 158): setHidden false
D/KeyguardViewMediator( 158): setHidden false
D/KeyguardViewMediator( 158): setHidden false
D/KeyguardViewMediator( 158): setHidden false
D/KeyguardViewMediator( 158): setHidden false
D/KeyguardViewMediator( 158): setHidden false
D/KeyguardViewMediator( 158): setHidden false
D/KeyguardViewMediator( 158): setHidden false
D/KeyguardViewMediator( 158): setHidden false
D/KeyguardViewMediator( 158): setHidden false
D/KeyguardViewMediator( 158): setHidden false
D/KeyguardViewMediator( 158): setHidden false
D/KeyguardViewMediator( 158): setHidden false
D/KeyguardViewMediator( 158): setHidden false
D/KeyguardViewMediator( 158): setHidden false
D/KeyguardViewMediator( 158): setHidden false
D/KeyguardViewMediator( 158): setHidden false
D/PowerManagerService( 158): UnPartial wakeLock reactivate ,flags=0xa tag=KEEP_SCREEN_ON_FLAG
D/PowerManagerService( 158): releaseWakeLock flags=0xa tag=KEEP_SCREEN_ON_FLAG
V/Finsky ( 5651): [1] 1.onResponse: Logged 4 analytics events successfully.
D/Finsky ( 5651): [1] ContentSyncService.getAccountsToSync: Checking account to sync; Syncing 37 packages (38 versions) and skipped 71 system packages.
D/Finsky ( 5651): [1] ContentSyncService.attemptContentSync: Syncing account to sync; Syncing 37 packages (38 versions) and skipped 71 system packages.
D/dalvikvm( 749): GC_EXPLICIT freed 7K, 43% free 3812K/6599K, external 1625K/2137K, paused 446ms
D/Finsky ( 5651): [1] 1.onResponse: Phonesky checkin succeeded for account
D/Finsky ( 5651): [1] 1.attemptNextSync: Done checking in.
D/dalvikvm( 5651): GC_EXPLICIT freed 1771K, 40% free 6470K/10695K, external 6006K/7092K, paused 314ms
D/KeyguardUpdateMonitor( 158): received broadcast android.intent.action.TIME_TICK
D/KeyguardUpdateMonitor( 158): handleTimeUpdate
D/dalvikvm( 5979): GC_EXTERNAL_ALLOC freed 359K, 48% free 3156K/5959K, external 2117K/2137K, paused 58ms
D/dalvikvm( 5979): GC_EXTERNAL_ALLOC freed 83K, 49% free 3073K/5959K, external 2653K/2695K, paused 56ms
D/dalvikvm( 5979): GC_EXTERNAL_ALLOC freed 1K, 49% free 3073K/5959K, external 2998K/3046K, paused 55ms
D/dalvikvm( 5979): GC_EXTERNAL_ALLOC freed 23K, 49% free 3076K/5959K, external 3137K/3201K, paused 49ms
D/dalvikvm( 5979): GC_EXTERNAL_ALLOC freed 23K, 49% free 3077K/5959K, external 3403K/3407K, paused 51ms
D/dalvikvm( 5979): GC_EXTERNAL_ALLOC freed 23K, 49% free 3077K/5959K, external 3362K/3407K, paused 52ms
D/dalvikvm( 5979): GC_EXTERNAL_ALLOC freed 25K, 49% free 3077K/5959K, external 3444K/3449K, paused 53ms
D/dalvikvm( 5979): GC_EXTERNAL_ALLOC freed 25K, 49% free 3077K/5959K, external 3362K/3407K, paused 51ms
D/dalvikvm( 5979): GC_EXTERNAL_ALLOC freed 24K, 49% free 3078K/5959K, external 3403K/3449K, paused 51ms
D/dalvikvm( 5979): GC_EXTERNAL_ALLOC freed 25K, 49% free 3077K/5959K, external 3362K/3407K, paused 56ms
D/dalvikvm( 5979): GC_EXTERNAL_ALLOC freed 24K, 49% free 3079K/5959K, external 3403K/3449K, paused 53ms
D/dalvikvm( 5979): GC_EXTERNAL_ALLOC freed 25K, 49% free 3078K/5959K, external 3444K/3501K, paused 52ms
D/dalvikvm( 5979): GC_EXTERNAL_ALLOC freed 24K, 49% free 3079K/5959K, external 3403K/3449K, paused 49ms
D/dalvikvm( 5979): GC_EXTERNAL_ALLOC freed 24K, 49% free 3080K/5959K, external 3444K/3501K, paused 50ms
D/dalvikvm( 5979): GC_EXTERNAL_ALLOC freed 23K, 49% free 3080K/5959K, external 3369K/3430K, paused 50ms
D/dalvikvm( 5979): GC_EXTERNAL_ALLOC freed 25K, 49% free 3079K/5959K, external 3362K/3407K, paused 76ms
D/dalvikvm( 5979): GC_EXTERNAL_ALLOC freed 24K, 49% free 3081K/5959K, external 3403K/3449K, paused 53ms
D/dalvikvm( 5979): GC_EXTERNAL_ALLOC freed 23K, 49% free 3081K/5959K, external 3362K/3407K, paused 53ms
D/dalvikvm( 5979): GC_EXTERNAL_ALLOC freed 23K, 49% free 3081K/5959K, external 3369K/3430K, paused 51ms
D/dalvikvm( 5979): GC_EXTERNAL_ALLOC freed 25K, 49% free 3080K/5959K, external 3444K/3501K, paused 50ms
D/dalvikvm( 5979): GC_EXTERNAL_ALLOC freed 24K, 49% free 3082K/5959K, external 3403K/3449K, paused 52ms
D/dalvikvm( 5979): GC_EXTERNAL_ALLOC freed 25K, 49% free 3081K/5959K, external 3362K/3407K, paused 53ms
D/dalvikvm( 5979): GC_EXTERNAL_ALLOC freed 24K, 49% free 3082K/5959K, external 3403K/3458K, paused 52ms
D/dalvikvm( 5979): GC_EXTERNAL_ALLOC freed 23K, 49% free 3082K/5959K, external 3403K/3458K, paused 51ms
D/dalvikvm( 5979): GC_EXTERNAL_ALLOC freed 23K, 49% free 3083K/5959K, external 3403K/3458K, paused 51ms
D/dalvikvm( 5979): GC_EXTERNAL_ALLOC freed 24K, 49% free 3083K/5959K, external 3437K/3449K, paused 50ms
D/dalvikvm( 5979): GC_EXTERNAL_ALLOC freed 24K, 49% free 3083K/5959K, external 3403K/3449K, paused 55ms
D/dalvikvm( 5979): GC_EXTERNAL_ALLOC freed 24K, 49% free 3084K/5959K, external 3444K/3501K, paused 52ms
D/dalvikvm( 5979): GC_EXTERNAL_ALLOC freed 24K, 49% free 3084K/5959K, external 3369K/3430K, paused 74ms
D/dalvikvm( 5979): GC_EXTERNAL_ALLOC freed 24K, 49% free 3084K/5959K, external 3437K/3449K, paused 49ms
D/dalvikvm( 5979): GC_EXTERNAL_ALLOC freed 24K, 49% free 3084K/5959K, external 3369K/3430K, paused 53ms
D/dalvikvm( 5979): GC_EXTERNAL_ALLOC freed 25K, 49% free 3084K/5959K, external 3362K/3407K, paused 53ms
D/dalvikvm( 5979): GC_EXTERNAL_ALLOC freed 24K, 49% free 3085K/5959K, external 3403K/3458K, paused 52ms
D/dalvikvm( 5979): GC_EXTERNAL_ALLOC freed 24K, 49% free 3085K/5959K, external 3437K/3449K, paused 50ms
D/dalvikvm( 5979): GC_EXTERNAL_ALLOC freed 24K, 49% free 3085K/5959K, external 3369K/3430K, paused 51ms
D/dalvikvm( 5979): GC_EXTERNAL_ALLOC freed 25K, 49% free 3085K/5959K, external 3362K/3407K, paused 50ms
D/dalvikvm( 5979): GC_EXTERNAL_ALLOC freed 24K, 49% free 3086K/5959K, external 3403K/3458K, paused 53ms
D/dalvikvm( 5979): GC_EXTERNAL_ALLOC freed 24K, 49% free 3086K/5959K, external 3437K/3449K, paused 53ms
D/dalvikvm( 5979): GC_EXTERNAL_ALLOC freed 24K, 49% free 3087K/5959K, external 3369K/3430K, paused 54ms
D/dalvikvm( 5979): GC_EXTERNAL_ALLOC freed 25K, 49% free 3086K/5959K, external 3362K/3407K, paused 51ms
D/dalvikvm( 5979): GC_EXTERNAL_ALLOC freed 24K, 49% free 3087K/5959K, external 3403K/3449K, paused 50ms
D/dalvikvm( 5979): GC_EXTERNAL_ALLOC freed 25K, 49% free 3086K/5959K, external 3444K/3501K, paused 50ms
D/dalvikvm( 5979): GC_EXTERNAL_ALLOC freed 22K, 49% free 3089K/5959K, external 3403K/3449K, paused 55ms
D/dalvikvm( 5979): GC_EXTERNAL_ALLOC freed 22K, 49% free 3089K/5959K, external 3287K/3355K, paused 53ms
D/dalvikvm( 5979): GC_EXTERNAL_ALLOC freed 25K, 49% free 3087K/5959K, external 3328K/3369K, paused 56ms
I/KeyguardUpdateMonitor( 158): enter isDeviceProvisioned ...
D/dalvikvm( 5979): GC_EXTERNAL_ALLOC freed 25K, 49% free 3087K/5959K, external 3362K/3407K, paused 51ms
D/dalvikvm( 5979): GC_EXTERNAL_ALLOC freed 24K, 49% free 3093K/5959K, external 3403K/3458K, paused 50ms
I/KeyguardUpdateMonitor( 158): enter isDeviceProvisioned ...
D/dalvikvm( 5979): GC_EXTERNAL_ALLOC freed 22K, 49% free 3094K/5959K, external 3437K/3449K, paused 52ms
D/dalvikvm( 5979): GC_EXTERNAL_ALLOC freed 33K, 48% free 3119K/5959K, external 3459K/3463K, paused 50ms
D/KeyguardViewMediator( 158): setHidden false
D/KeyguardViewMediator( 158): setHidden false
D/KeyguardViewMediator( 158): setHidden false
D/KeyguardViewMediator( 158): setHidden false
D/KeyguardViewMediator( 158): setHidden false
D/KeyguardViewMediator( 158): setHidden false
D/KeyguardViewMediator( 158): setHidden false
D/KeyguardViewMediator( 158): setHidden false
D/KeyguardViewMediator( 158): setHidden false
D/KeyguardViewMediator( 158): setHidden false
D/KeyguardViewMediator( 158): setHidden false
D/KeyguardViewMediator( 158): setHidden false
D/KeyguardViewMediator( 158): setHidden false
D/KeyguardViewMediator( 158): setHidden false
D/dalvikvm( 5979): GC_EXTERNAL_ALLOC freed 30K, 48% free 3122K/5959K, external 3575K/3635K, paused 58ms
D/dalvikvm( 5979): GC_EXTERNAL_ALLOC freed 26K, 48% free 3123K/5959K, external 2742K/2755K, paused 51ms
D/dalvikvm( 5979): GC_EXTERNAL_ALLOC freed 4K, 48% free 3120K/5959K, external 3087K/3116K, paused 54ms
I/KeyguardUpdateMonitor( 158): enter isDeviceProvisioned ...
I/KeyguardUpdateMonitor( 158): enter isDeviceProvisioned ...
D/KeyguardViewMediator( 158): setHidden false
D/KeyguardViewMediator( 158): setHidden false
D/KeyguardViewMediator( 158): setHidden false
I/dalvikvm( 5979): Jit: resizing JitTable from 512 to 1024
D/KeyguardViewMediator( 158): setHidden false
D/KeyguardViewMediator( 158): setHidden false
D/KeyguardViewMediator( 158): setHidden false
D/KeyguardViewMediator( 158): setHidden false
D/KeyguardViewMediator( 158): setHidden false
D/KeyguardViewMediator( 158): setHidden false
D/KeyguardViewMediator( 158): setHidden false
D/KeyguardViewMediator( 158): setHidden false
D/KeyguardViewMediator( 158): setHidden false
D/KeyguardViewMediator( 158): setHidden false
D/KeyguardViewMediator( 158): setHidden false
D/KeyguardViewMediator( 158): setHidden false
D/KeyguardViewMediator( 158): setHidden false
D/KeyguardViewMediator( 158): setHidden false
D/KeyguardViewMediator( 158): setHidden false
D/KeyguardViewMediator( 158): setHidden false
D/KeyguardViewMediator( 158): setHidden false
D/KeyguardViewMediator( 158): setHidden false
D/KeyguardViewMediator( 158): setHidden false
D/KeyguardViewMediator( 158): setHidden false
D/KeyguardViewMediator( 158): setHidden false
D/KeyguardViewMediator( 158): setHidden false
D/KeyguardViewMediator( 158): setHidden false
D/KeyguardViewMediator( 158): setHidden false
D/KeyguardViewMediator( 158): setHidden false
D/KeyguardViewMediator( 158): setHidden false
D/KeyguardViewMediator( 158): setHidden false
V/alogcat ( 5979): save instance
V/alogcat ( 5979): paused
D/KeyguardViewMediator( 158): setHidden false
D/KeyguardViewMediator( 158): setHidden false
D/KeyguardViewMediator( 158): setHidden false
D/KeyguardViewMediator( 158): setHidden false
D/KeyguardViewMediator( 158): setHidden false
D/KeyguardViewMediator( 158): setHidden false
D/KeyguardViewMediator( 158): setHidden false
D/KeyguardViewMediator( 158): setHidden false
D/KeyguardViewMediator( 158): setHidden false
D/KeyguardViewMediator( 158): setHidden false
D/KeyguardViewMediator( 158): setHidden false
D/KeyguardViewMediator( 158): setHidden false
D/KeyguardViewMediator( 158): setHidden false
D/KeyguardViewMediator( 158): setHidden false
W/WindowManager( 158): Reached focused app: AppWindowToken{2b4c22e8 token=HistoryRecord{2b552c20 tallus.android.sagetv/.show.ShowControl}}
D/KeyguardViewMediator( 158): setHidden false
D/KeyguardViewMediator( 158): setHidden false
D/dalvikvm( 5575): GC_EXTERNAL_ALLOC freed 376K, 52% free 4166K/8583K, external 5404K/6453K, paused 288ms
I/MainActivity( 5575): Time to reconnect!
W/WindowManager( 158): Reached focused app: AppWindowToken{2b4c22e8 token=HistoryRecord{2b552c20 tallus.android.sagetv/.show.ShowControl}}
D/WindowManager( 158): try to move focused app: AppWindowToken{2b4c22e8 token=HistoryRecord{2b552c20 tallus.android.sagetv/.show.ShowControl}} win Window{2b463dc8 tallus.android.sagetv/tallus.android.sagetv.show.ShowControl paused=false}
D/KeyguardViewMediator( 158): setHidden false
D/KeyguardViewMediator( 158): setHidden false
D/KeyguardViewMediator( 158): setHidden false
W/WindowManager( 158): Reached focused app: AppWindowToken{2b4c22e8 token=HistoryRecord{2b552c20 tallus.android.sagetv/.show.ShowControl}}
D/WindowManager( 158): try to move focused app: AppWindowToken{2b4c22e8 token=HistoryRecord{2b552c20 tallus.android.sagetv/.show.ShowControl}} win Window{2b463dc8 tallus.android.sagetv/tallus.android.sagetv.show.ShowControl paused=false}
D/KeyguardViewMediator( 158): setHidden false
D/KeyguardViewMediator( 158): setHidden false
D/KeyguardViewMediator( 158): setHidden false
D/KeyguardViewMediator( 158): setHidden false
D/KeyguardViewMediator( 158): setHidden false
D/KeyguardViewMediator( 158): setHidden false
D/KeyguardViewMediator( 158): setHidden false
D/KeyguardViewMediator( 158): setHidden false
D/KeyguardViewMediator( 158): setHidden false
D/KeyguardViewMediator( 158): setHidden false
D/KeyguardViewMediator( 158): setHidden false
I/ActivityManager( 158): Displayed tallus.android.sagetv/.show.ShowControl: +1s708ms
D/alogcat ( 5979): stopping ...
D/alogcat ( 5979): stopped
D/KeyguardViewMediator( 158): setHidden false
I/KeyguardUpdateMonitor( 158): enter isDeviceProvisioned ...
I/dun_service( 104): received event: DUN_EVENT_USB_UNPLUG
I/dun_service( 104): received event(DUN_EVENT_USB_UNPLUG) in state(DUN_STATE_USB_UNPLUG)
I/dun_service( 104): Ignoring the event DUN_EVENT_USB_UNPLUG in USB_UNPLUG_STATE
I/dun_service( 104): Moved to state(DUN_STATE_USB_UNPLUG)
D/KeyguardUpdateMonitor( 158): received broadcast android.intent.action.BATTERY_CHANGED
D/KeyguardUpdateMonitor( 158): handleBatteryUpdate
I/KeyguardUpdateMonitor( 158): enter isDeviceProvisioned ...
D/KeyguardViewMediator( 158): setHidden false
D/KeyguardViewMediator( 158): setHidden false
I/MainActivity( 5575): Time to reconnect!
D/KeyguardViewMediator( 158): setHidden false
D/KeyguardViewMediator( 158): setHidden false
D/KeyguardViewMediator( 158): setHidden false
D/KeyguardViewMediator( 158): setHidden false
D/KeyguardViewMediator( 158): setHidden false
D/KeyguardViewMediator( 158): setHidden false
D/KeyguardViewMediator( 158): setHidden false
D/KeyguardViewMediator( 158): setHidden false
D/KeyguardViewMediator( 158): setHidden false
D/KeyguardViewMediator( 158): setHidden false
D/KeyguardViewMediator( 158): setHidden false
D/KeyguardViewMediator( 158): setHidden false
D/KeyguardViewMediator( 158): setHidden false
D/KeyguardViewMediator( 158): setHidden false
D/KeyguardViewMediator( 158): setHidden false
D/KeyguardViewMediator( 158): setHidden false
E/PackageManager( 158): chooseBestActivitycom.cooliris.media.MovieView=0 vs com.mxtech.videoplayer.ActivityScreen=0
I/TASageTV( 5575): Sending: SVL:1777215
W/WindowManager( 158): Reached focused app: AppWindowToken{2b4dbff0 token=HistoryRecord{2b4dbee0 android/com.android.internal.app.ResolverActivity}}
D/KeyguardViewMediator( 158): setHidden false
D/KeyguardViewMediator( 158): setHidden false
D/KeyguardViewMediator( 158): setHidden false
D/KeyguardViewMediator( 158): setHidden false
D/KeyguardViewMediator( 158): setHidden false
D/KeyguardViewMediator( 158): setHidden false
D/KeyguardViewMediator( 158): setHidden false
D/KeyguardViewMediator( 158): setHidden false
D/KeyguardViewMediator( 158): setHidden false
D/KeyguardViewMediator( 158): setHidden false
D/KeyguardViewMediator( 158): setHidden false
D/KeyguardViewMediator( 158): setHidden false
D/KeyguardViewMediator( 158): setHidden false
D/KeyguardViewMediator( 158): setHidden false
I/ActivityManager( 158): Displayed android/com.android.internal.app.ResolverActivity: +361ms
D/KeyguardViewMediator( 158): setHidden false
D/KeyguardViewMediator( 158): setHidden false
D/KeyguardViewMediator( 158): setHidden false
D/KeyguardViewMediator( 158): setHidden false
D/KeyguardViewMediator( 158): setHidden false
D/KeyguardViewMediator( 158): setHidden false
D/KeyguardViewMediator( 158): setHidden false
D/KeyguardViewMediator( 158): setHidden false
D/KeyguardViewMediator( 158): setHidden false
D/KeyguardViewMediator( 158): setHidden false
D/KeyguardViewMediator( 158): setHidden false
D/KeyguardViewMediator( 158): setHidden false
D/KeyguardViewMediator( 158): setHidden false
D/KeyguardViewMediator( 158): setHidden false
D/KeyguardViewMediator( 158): setHidden false
D/KeyguardViewMediator( 158): setHidden false
D/KeyguardViewMediator( 158): setHidden false
D/KeyguardViewMediator( 158): setHidden false
D/KeyguardViewMediator( 158): setHidden false
D/KeyguardViewMediator( 158): setHidden false
D/KeyguardViewMediator( 158): setHidden false
D/KeyguardViewMediator( 158): setHidden false
D/KeyguardViewMediator( 158): setHidden false
D/KeyguardViewMediator( 158): setHidden false
D/KeyguardViewMediator( 158): setHidden false
D/KeyguardViewMediator( 158): setHidden false
D/KeyguardViewMediator( 158): setHidden false
D/KeyguardViewMediator( 158): setHidden false
D/KeyguardViewMediator( 158): setHidden false
D/KeyguardViewMediator( 158): setHidden false
D/KeyguardViewMediator( 158): setHidden false
D/KeyguardViewMediator( 158): setHidden false
D/KeyguardViewMediator( 158): setHidden false
D/KeyguardViewMediator( 158): setHidden false
D/KeyguardViewMediator( 158): setHidden false
D/KeyguardViewMediator( 158): setHidden false
D/KeyguardViewMediator( 158): setHidden false
D/KeyguardViewMediator( 158): setHidden false
D/KeyguardViewMediator( 158): setHidden false
D/KeyguardViewMediator( 158): setHidden false
D/KeyguardViewMediator( 158): setHidden false
D/KeyguardViewMediator( 158): setHidden false
D/KeyguardViewMediator( 158): setHidden false
D/KeyguardViewMediator( 158): setHidden false
D/KeyguardViewMediator( 158): setHidden false
W/WindowManager( 158): Reached focused app: AppWindowToken{2b426708 token=HistoryRecord{2b426488 com.mxtech.videoplayer.pro/com.mxtech.videoplayer.ActivityScreen}}
W/WindowManager( 158): Reached focused app: AppWindowToken{2b426708 token=HistoryRecord{2b426488 com.mxtech.videoplayer.pro/com.mxtech.videoplayer.ActivityScreen}}
D/KeyguardViewMediator( 158): setHidden false
D/KeyguardViewMediator( 158): setHidden false
D/PhoneApp( 269): updateProximitySensorMode: state = IDLE
D/PhoneApp( 269): updateProximitySensorMode: lock already released.
D/KeyguardViewMediator( 158): setHidden false
W/WindowManager( 158): Reached focused app: AppWindowToken{2b426708 token=HistoryRecord{2b426488 com.mxtech.videoplayer.pro/com.mxtech.videoplayer.ActivityScreen}}
W/WindowManager( 158): Reached focused app: AppWindowToken{2b426708 token=HistoryRecord{2b426488 com.mxtech.videoplayer.pro/com.mxtech.videoplayer.ActivityScreen}}
D/KeyguardViewMediator( 158): setHidden false
W/WindowManager( 158): Reached focused app: AppWindowToken{2b426708 token=HistoryRecord{2b426488 com.mxtech.videoplayer.pro/com.mxtech.videoplayer.ActivityScreen}}
D/KeyguardViewMediator( 158): setHidden false
I/AudioService( 158): AudioFocus requestAudioFocus() from android.media.AudioManager@2b02b770com.mxtech.videoplayer.ce@2b023a70
I/AudioService( 158): Remote Control registerMediaButtonEventReceiver() for ComponentInfo{com.mxtech.videoplayer.pro/com.mxtech.videoplayer.RemoteControlReceiver}
W/WindowManager( 158): Reached focused app: AppWindowToken{2b426708 token=HistoryRecord{2b426488 com.mxtech.videoplayer.pro/com.mxtech.videoplayer.ActivityScreen}}
D/KeyguardViewMediator( 158): setHidden false
D/KeyguardViewMediator( 158): setHidden false
D/KeyguardViewMediator( 158): setHidden false
D/KeyguardViewMediator( 158): setHidden false
W/WindowManager( 158): Reached focused app: AppWindowToken{2b426708 token=HistoryRecord{2b426488 com.mxtech.videoplayer.pro/com.mxtech.videoplayer.ActivityScreen}}
D/KeyguardViewMediator( 158): setHidden false
D/KeyguardViewMediator( 158): setHidden false
W/WindowManager( 158): Reached focused app: AppWindowToken{2b426708 token=HistoryRecord{2b426488 com.mxtech.videoplayer.pro/com.mxtech.videoplayer.ActivityScreen}}
D/KeyguardViewMediator( 158): setHidden false
D/KeyguardViewMediator( 158): setHidden false
D/KeyguardViewMediator( 158): setHidden false
D/KeyguardViewMediator( 158): setHidden false
I/ActivityManager( 158): Displayed com.mxtech.videoplayer.pro/com.mxtech.videoplayer.ActivityScreen: +371ms
D/KeyguardViewMediator( 158): setHidden false
D/KeyguardViewMediator( 158): setHidden false
D/KeyguardViewMediator( 158): setHidden false
D/KeyguardViewMediator( 158): setHidden false
D/KeyguardViewMediator( 158): setHidden false
D/KeyguardViewMediator( 158): setHidden false
D/KeyguardViewMediator( 158): setHidden false
D/KeyguardViewMediator( 158): setHidden false
D/KeyguardViewMediator( 158): setHidden false
D/KeyguardViewMediator( 158): setHidden false
W/IInputConnectionWrapper( 5575): showStatusIcon on inactive InputConnection E/MX Video Player( 5641): 5991 | failed to open file. error=-1094995529 E/MX Video Player( 5641): 5991 | AVException caught. error=-1094995529
D/KeyguardViewMediator( 158): setHidden false
D/KeyguardViewMediator( 158): setHidden false
D/KeyguardViewMediator( 158): setHidden false
D/KeyguardViewMediator( 158): setHidden false
D/KeyguardViewMediator( 158): setHidden false
D/KeyguardViewMediator( 158): setHidden false E/MX Video Player( 5641): Error (1,-1094995529) E/MX Video Player( 5641): [Joint] video error: what=1 extra=-1094995529 I/MX Video Player( 5641): Try next decoding mode: 0 -> 3 (previous flags=2) E/MX Video Player( 5641): 5992 | failed to open file. error=-1094995529 E/MX Video Player( 5641): 5992 | AVException caught. error=-1094995529
D/KeyguardViewMediator( 158): setHidden false
D/PowerManagerService( 158): acquireWakeLock flags=0xa tag=KEEP_SCREEN_ON_FLAG E/MX Video Player( 5641): Error (1,-1094995529) E/MX Video Player( 5641): [Joint] video error: what=1 extra=-1094995529
D/KeyguardViewMediator( 158): setHidden false
D/PowerManagerService( 158): UnPartial wakeLock reactivate ,flags=0xa tag=KEEP_SCREEN_ON_FLAG
D/PowerManagerService( 158): releaseWakeLock flags=0xa tag=KEEP_SCREEN_ON_FLAG
D/KeyguardViewMediator( 158): setHidden false
D/KeyguardViewMediator( 158): setHidden false
D/KeyguardViewMediator( 158): setHidden false
D/KeyguardViewMediator( 158): setHidden false
D/KeyguardViewMediator( 158): setHidden false
D/KeyguardViewMediator( 158): setHidden false
D/KeyguardViewMediator( 158): setHidden false
D/KeyguardViewMediator( 158): setHidden false
D/KeyguardViewMediator( 158): setHidden false
D/KeyguardViewMediator( 158): setHidden false
D/KeyguardViewMediator( 158): setHidden false
D/KeyguardViewMediator( 158): setHidden false
D/KeyguardViewMediator( 158): setHidden false
D/KeyguardViewMediator( 158): setHidden false
D/KeyguardViewMediator( 158): setHidden false
D/KeyguardViewMediator( 158): setHidden false
D/KeyguardViewMediator( 158): setHidden false
D/KeyguardViewMediator( 158): setHidden false
D/KeyguardViewMediator( 158): setHidden false
D/KeyguardViewMediator( 158): setHidden false
D/KeyguardViewMediator( 158): setHidden false
D/KeyguardViewMediator( 158): setHidden false
D/KeyguardViewMediator( 158): setHidden false
D/KeyguardViewMediator( 158): setHidden false
D/KeyguardViewMediator( 158): setHidden false
D/KeyguardViewMediator( 158): setHidden false
D/KeyguardViewMediator( 158): setHidden false
D/KeyguardViewMediator( 158): setHidden false
D/KeyguardViewMediator( 158): setHidden false
D/KeyguardViewMediator( 158): setHidden false
D/KeyguardViewMediator( 158): setHidden false
D/KeyguardViewMediator( 158): setHidden false
D/KeyguardViewMediator( 158): setHidden false
D/KeyguardViewMediator( 158): setHidden false
D/KeyguardViewMediator( 158): setHidden false
D/KeyguardViewMediator( 158): setHidden false
D/KeyguardViewMediator( 158): setHidden false
D/KeyguardViewMediator( 158): setHidden false
D/KeyguardViewMediator( 158): setHidden false
D/KeyguardViewMediator( 158): setHidden false
D/KeyguardViewMediator( 158): setHidden false
D/KeyguardViewMediator( 158): setHidden false
D/KeyguardViewMediator( 158): setHidden false
D/KeyguardViewMediator( 158): setHidden false
D/KeyguardViewMediator( 158): setHidden false
D/KeyguardViewMediator( 158): setHidden false
D/KeyguardViewMediator( 158): setHidden false
D/KeyguardViewMediator( 158): setHidden false
D/KeyguardViewMediator( 158): setHidden false
D/KeyguardViewMediator( 158): setHidden false
D/KeyguardViewMediator( 158): setHidden false
D/KeyguardViewMediator( 158): setHidden false
D/KeyguardViewMediator( 158): setHidden false
D/KeyguardViewMediator( 158): setHidden false
D/KeyguardViewMediator( 158): setHidden false
D/KeyguardViewMediator( 158): setHidden false
D/KeyguardViewMediator( 158): setHidden false
D/KeyguardViewMediator( 158): setHidden false
D/dalvikvm( 158): GC_EXPLICIT freed 1284K, 40% free 6819K/11207K, external 4873K/5553K, paused 203ms
D/KeyguardViewMediator( 158): setHidden false
D/KeyguardViewMediator( 158): setHidden false
D/KeyguardViewMediator( 158): setHidden false
D/KeyguardViewMediator( 158): setHidden false
D/KeyguardViewMediator( 158): setHidden false
D/KeyguardViewMediator( 158): setHidden false
D/KeyguardViewMediator( 158): setHidden false
D/KeyguardViewMediator( 158): setHidden false
D/KeyguardViewMediator( 158): setHidden false
D/KeyguardViewMediator( 158): setHidden false
D/KeyguardViewMediator( 158): setHidden false
W/WindowManager( 158): Reached focused app: AppWindowToken{2b02b190 token=HistoryRecord{2b58c6d8 tallus.android.sagetv/.show.ShowDetails}}
D/PhoneApp( 269): updateProximitySensorMode: state = IDLE
D/PhoneApp( 269): updateProximitySensorMode: lock already released.
D/KeyguardViewMediator( 158): setHidden false
W/WindowManager( 158): Reached focused app: AppWindowToken{2b02b190 token=HistoryRecord{2b58c6d8 tallus.android.sagetv/.show.ShowDetails}}
W/WindowManager( 158): Reached focused app: AppWindowToken{2b02b190 token=HistoryRecord{2b58c6d8 tallus.android.sagetv/.show.ShowDetails}}
D/KeyguardViewMediator( 158): setHidden false
D/KeyguardViewMediator( 158): setHidden false
D/KeyguardViewMediator( 158): setHidden false
W/WindowManager( 158): Reached focused app: AppWindowToken{2b02b190 token=HistoryRecord{2b58c6d8 tallus.android.sagetv/.show.ShowDetails}}
D/KeyguardViewMediator( 158): setHidden false
D/KeyguardViewMediator( 158): setHidden false
W/WindowManager( 158): Reached focused app: AppWindowToken{2b02b190 token=HistoryRecord{2b58c6d8 tallus.android.sagetv/.show.ShowDetails}}
D/KeyguardViewMediator( 158): setHidden false
W/WindowManager( 158): Reached focused app: AppWindowToken{2b02b190 token=HistoryRecord{2b58c6d8 tallus.android.sagetv/.show.ShowDetails}}
D/KeyguardViewMediator( 158): setHidden false
I/AudioService( 158): AudioFocus abandonAudioFocus() from android.media.AudioManager@2b02b770com.mxtech.videoplayer.ce@2b023a70
D/KeyguardViewMediator( 158): setHidden false
I/AudioService( 158): Remote Control unregisterMediaButtonEventReceiver() for ComponentInfo{com.mxtech.videoplayer.pro/com.mxtech.videoplayer.RemoteControlReceiver}
D/KeyguardViewMediator( 158): setHidden false
D/KeyguardViewMediator( 158): setHidden false
D/KeyguardViewMediator( 158): setHidden false
D/KeyguardViewMediator( 158): setHidden false
D/KeyguardViewMediator( 158): setHidden false
D/KeyguardViewMediator( 158): setHidden false
I/MainActivity( 5575): Time to reconnect!
D/KeyguardViewMediator( 158): setHidden false
W/IInputConnectionWrapper( 5641): showStatusIcon on inactive InputConnection
D/KeyguardViewMediator( 158): setHidden false
D/KeyguardViewMediator( 158): setHidden false
D/KeyguardViewMediator( 158): setHidden false
D/KeyguardViewMediator( 158): setHidden false
D/KeyguardViewMediator( 158): setHidden false
D/KeyguardViewMediator( 158): setHidden false
D/KeyguardViewMediator( 158): setHidden false
D/KeyguardViewMediator( 158): setHidden false
D/KeyguardViewMediator( 158): setHidden false
D/KeyguardViewMediator( 158): setHidden false
D/KeyguardViewMediator( 158): setHidden false
D/KeyguardViewMediator( 158): setHidden false
D/KeyguardViewMediator( 158): setHidden false
D/KeyguardViewMediator( 158): setHidden false
D/KeyguardViewMediator( 158): setHidden false
D/KeyguardViewMediator( 158): setHidden false
D/KeyguardViewMediator( 158): setHidden false
D/KeyguardViewMediator( 158): setHidden false
D/KeyguardViewMediator( 158): setHidden false
D/KeyguardViewMediator( 158): setHidden false
D/KeyguardViewMediator( 158): setHidden false
D/KeyguardViewMediator( 158): setHidden false
D/KeyguardViewMediator( 158): setHidden false
I/KeyguardUpdateMonitor( 158): enter isDeviceProvisioned ...
I/KeyguardUpdateMonitor( 158): enter isDeviceProvisioned ...
D/dalvikvm( 158): GC_EXPLICIT freed 280K, 41% free 6660K/11207K, external 4447K/5553K, paused 127ms
D/KeyguardViewMediator( 158): setHidden false
D/KeyguardViewMediator( 158): setHidden false
I/MainActivity( 5575): Time to reconnect!
D/KeyguardViewMediator( 158): setHidden false
D/KeyguardViewMediator( 158): setHidden false
D/KeyguardViewMediator( 158): setHidden false
D/KeyguardViewMediator( 158): setHidden false
D/KeyguardViewMediator( 158): setHidden false
D/KeyguardViewMediator( 158): setHidden false
D/KeyguardViewMediator( 158): setHidden false
D/KeyguardViewMediator( 158): setHidden false
D/KeyguardViewMediator( 158): setHidden false
D/KeyguardViewMediator( 158): setHidden false
D/KeyguardViewMediator( 158): setHidden false
D/KeyguardViewMediator( 158): setHidden false
D/KeyguardViewMediator( 158): setHidden false
D/KeyguardViewMediator( 158): setHidden false
D/KeyguardViewMediator( 158): setHidden false
W/WindowManager( 158): Reached focused app: AppWindowToken{2b544230 token=HistoryRecord{2b2eadb0 tallus.android.sagetv/.show.ShowDetails}}
D/KeyguardViewMediator( 158): setHidden false
D/dalvikvm( 5575): GC_EXTERNAL_ALLOC freed 396K, 52% free 4161K/8583K, external 8868K/8876K, paused 96ms
I/DetailsFragment( 5575): Fill details for: Recordings - 1766867
I/DetailsFragment( 5575): Width = 304
I/DetailsFragment( 5575): List size: 9
I/MainActivity( 5575): Time to reconnect!
D/KeyguardViewMediator( 158): setHidden false
D/KeyguardViewMediator( 158): setHidden false
D/KeyguardViewMediator( 158): setHidden false
D/KeyguardViewMediator( 158): setHidden false
D/KeyguardViewMediator( 158): setHidden false
D/KeyguardViewMediator( 158): setHidden false
D/KeyguardViewMediator( 158): setHidden false
D/KeyguardViewMediator( 158): setHidden false
D/KeyguardViewMediator( 158): setHidden false
D/KeyguardViewMediator( 158): setHidden false
D/KeyguardViewMediator( 158): setHidden false
D/KeyguardViewMediator( 158): setHidden false
D/KeyguardViewMediator( 158): setHidden false
D/KeyguardViewMediator( 158): setHidden false
D/KeyguardViewMediator( 158): setHidden false
I/ActivityManager( 158): Displayed tallus.android.sagetv/.show.ShowDetails: +629ms
D/KeyguardViewMediator( 158): setHidden false
E/PackageManager( 158): chooseBestActivitycom.cooliris.media.MovieView=0 vs com.mxtech.videoplayer.ActivityScreen=0
I/TASageTV( 5575): Sending: SVL:1766867
W/WindowManager( 158): Reached focused app: AppWindowToken{2b538dc8 token=HistoryRecord{2b3e8730 android/com.android.internal.app.ResolverActivity}}
D/KeyguardViewMediator( 158): setHidden false
D/KeyguardViewMediator( 158): setHidden false
D/KeyguardViewMediator( 158): setHidden false
D/KeyguardViewMediator( 158): setHidden false
D/KeyguardViewMediator( 158): setHidden false
D/KeyguardViewMediator( 158): setHidden false
D/KeyguardViewMediator( 158): setHidden false
D/KeyguardViewMediator( 158): setHidden false
D/KeyguardViewMediator( 158): setHidden false
I/ActivityManager( 158): Displayed android/com.android.internal.app.ResolverActivity: +491ms
D/KeyguardViewMediator( 158): setHidden false
D/KeyguardViewMediator( 158): setHidden false
D/KeyguardViewMediator( 158): setHidden false
D/KeyguardViewMediator( 158): setHidden false
D/KeyguardViewMediator( 158): setHidden false
D/KeyguardViewMediator( 158): setHidden false
D/KeyguardViewMediator( 158): setHidden false
D/KeyguardViewMediator( 158): setHidden false
D/KeyguardViewMediator( 158): setHidden false
D/KeyguardViewMediator( 158): setHidden false
D/KeyguardViewMediator( 158): setHidden false
D/KeyguardViewMediator( 158): setHidden false
D/KeyguardViewMediator( 158): setHidden false
D/KeyguardViewMediator( 158): setHidden false
D/KeyguardViewMediator( 158): setHidden false
D/KeyguardViewMediator( 158): setHidden false
D/KeyguardViewMediator( 158): setHidden false
W/WindowManager( 158): Reached focused app: AppWindowToken{2b262558 token=HistoryRecord{2b40c928 com.mxtech.videoplayer.pro/com.mxtech.videoplayer.ActivityScreen}}
W/WindowManager( 158): Reached focused app: AppWindowToken{2b262558 token=HistoryRecord{2b40c928 com.mxtech.videoplayer.pro/com.mxtech.videoplayer.ActivityScreen}}
D/KeyguardViewMediator( 158): setHidden false
D/KeyguardViewMediator( 158): setHidden false
D/dalvikvm( 5641): GC_EXTERNAL_ALLOC freed 180K, 47% free 3061K/5767K, external 2185K/2208K, paused 118ms
D/PhoneApp( 269): updateProximitySensorMode: state = IDLE
D/PhoneApp( 269): updateProximitySensorMode: lock already released.
D/KeyguardViewMediator( 158): setHidden false
W/WindowManager( 158): Reached focused app: AppWindowToken{2b262558 token=HistoryRecord{2b40c928 com.mxtech.videoplayer.pro/com.mxtech.videoplayer.ActivityScreen}}
W/WindowManager( 158): Reached focused app: AppWindowToken{2b262558 token=HistoryRecord{2b40c928 com.mxtech.videoplayer.pro/com.mxtech.videoplayer.ActivityScreen}}
D/KeyguardViewMediator( 158): setHidden false
W/WindowManager( 158): Reached focused app: AppWindowToken{2b262558 token=HistoryRecord{2b40c928 com.mxtech.videoplayer.pro/com.mxtech.videoplayer.ActivityScreen}}
I/AudioService( 158): AudioFocus requestAudioFocus() from android.media.AudioManager@2b02b770com.mxtech.videoplayer.ce@2b046040
I/AudioService( 158): Remote Control registerMediaButtonEventReceiver() for ComponentInfo{com.mxtech.videoplayer.pro/com.mxtech.videoplayer.RemoteControlReceiver}
D/KeyguardViewMediator( 158): setHidden false
W/WindowManager( 158): Reached focused app: AppWindowToken{2b262558 token=HistoryRecord{2b40c928 com.mxtech.videoplayer.pro/com.mxtech.videoplayer.ActivityScreen}}
D/KeyguardViewMediator( 158): setHidden false
D/KeyguardViewMediator( 158): setHidden false
D/KeyguardViewMediator( 158): setHidden false
D/KeyguardViewMediator( 158): setHidden false
D/KeyguardViewMediator( 158): setHidden false
D/KeyguardViewMediator( 158): setHidden false
D/KeyguardViewMediator( 158): setHidden false
I/ActivityManager( 158): Displayed com.mxtech.videoplayer.pro/com.mxtech.videoplayer.ActivityScreen: +816ms
D/KeyguardViewMediator( 158): setHidden false
D/KeyguardViewMediator( 158): setHidden false
D/KeyguardViewMediator( 158): setHidden false
D/KeyguardViewMediator( 158): setHidden false
D/KeyguardViewMediator( 158): setHidden false
D/KeyguardViewMediator( 158): setHidden false
D/KeyguardViewMediator( 158): setHidden false
D/KeyguardViewMediator( 158): setHidden false
D/KeyguardViewMediator( 158): setHidden false
D/KeyguardViewMediator( 158): setHidden false
D/KeyguardViewMediator( 158): setHidden false
D/KeyguardViewMediator( 158): setHidden false
W/IInputConnectionWrapper( 5575): showStatusIcon on inactive InputConnection
D/KeyguardViewMediator( 158): setHidden false E/MX Video Player( 5641): 5996 | failed to open file. error=-1094995529 E/MX Video Player( 5641): 5996 | AVException caught. error=-1094995529
D/KeyguardViewMediator( 158): setHidden false
D/KeyguardViewMediator( 158): setHidden false E/MX Video Player( 5641): Error (1,-1094995529) E/MX Video Player( 5641): [Joint] video error: what=1 extra=-1094995529 I/MX Video Player( 5641): Try next decoding mode: 0 -> 3 (previous flags=2) E/MX Video Player( 5641): 5997 | failed to open file. error=-1094995529 E/MX Video Player( 5641): 5997 | AVException caught. error=-1094995529
D/KeyguardViewMediator( 158): setHidden false
D/PowerManagerService( 158): acquireWakeLock flags=0xa tag=KEEP_SCREEN_ON_FLAG E/MX Video Player( 5641): Error (1,-1094995529) E/MX Video Player( 5641): [Joint] video error: what=1 extra=-1094995529
D/KeyguardViewMediator( 158): setHidden false
D/PowerManagerService( 158): UnPartial wakeLock reactivate ,flags=0xa tag=KEEP_SCREEN_ON_FLAG
D/PowerManagerService( 158): releaseWakeLock flags=0xa tag=KEEP_SCREEN_ON_FLAG
D/KeyguardViewMediator( 158): setHidden false
D/KeyguardViewMediator( 158): setHidden false
D/KeyguardViewMediator( 158): setHidden false
D/KeyguardViewMediator( 158): setHidden false
D/KeyguardViewMediator( 158): setHidden false
D/KeyguardViewMediator( 158): setHidden false
D/KeyguardViewMediator( 158): setHidden false
D/KeyguardViewMediator( 158): setHidden false
D/KeyguardViewMediator( 158): setHidden false
D/KeyguardViewMediator( 158): setHidden false
D/KeyguardViewMediator( 158): setHidden false
D/KeyguardViewMediator( 158): setHidden false
D/KeyguardViewMediator( 158): setHidden false
D/KeyguardViewMediator( 158): setHidden false
D/KeyguardViewMediator( 158): setHidden false
D/KeyguardViewMediator( 158): setHidden false
D/KeyguardViewMediator( 158): setHidden false
D/KeyguardViewMediator( 158): setHidden false
D/KeyguardViewMediator( 158): setHidden false
D/KeyguardViewMediator( 158): setHidden false
D/KeyguardViewMediator( 158): setHidden false
D/KeyguardViewMediator( 158): setHidden false
D/KeyguardViewMediator( 158): setHidden false
D/KeyguardViewMediator( 158): setHidden false
D/KeyguardViewMediator( 158): setHidden false
D/KeyguardViewMediator( 158): setHidden false
D/KeyguardViewMediator( 158): setHidden false
D/KeyguardViewMediator( 158): setHidden false
D/KeyguardViewMediator( 158): setHidden false
D/KeyguardViewMediator( 158): setHidden false
D/KeyguardViewMediator( 158): setHidden false
W/WindowManager( 158): Reached focused app: AppWindowToken{2b544230 token=HistoryRecord{2b2eadb0 tallus.android.sagetv/.show.ShowDetails}}
D/dalvikvm( 158): JIT code cache reset in 3 ms (524180 bytes 3/0)
D/dalvikvm( 158): GC_EXPLICIT freed 336K, 41% free 6711K/11207K, external 4873K/5553K, paused 132ms
D/PhoneApp( 269): updateProximitySensorMode: state = IDLE
D/PhoneApp( 269): updateProximitySensorMode: lock already released.
D/KeyguardViewMediator( 158): setHidden false
W/WindowManager( 158): Reached focused app: AppWindowToken{2b544230 token=HistoryRecord{2b2eadb0 tallus.android.sagetv/.show.ShowDetails}}
W/WindowManager( 158): Reached focused app: AppWindowToken{2b544230 token=HistoryRecord{2b2eadb0 tallus.android.sagetv/.show.ShowDetails}}
D/KeyguardViewMediator( 158): setHidden false
W/WindowManager( 158): Reached focused app: AppWindowToken{2b544230 token=HistoryRecord{2b2eadb0 tallus.android.sagetv/.show.ShowDetails}}
D/KeyguardViewMediator( 158): setHidden false
D/KeyguardViewMediator( 158): setHidden false
W/WindowManager( 158): Reached focused app: AppWindowToken{2b544230 token=HistoryRecord{2b2eadb0 tallus.android.sagetv/.show.ShowDetails}}
D/KeyguardViewMediator( 158): setHidden false
W/WindowManager( 158): Reached focused app: AppWindowToken{2b544230 token=HistoryRecord{2b2eadb0 tallus.android.sagetv/.show.ShowDetails}}
D/KeyguardViewMediator( 158): setHidden false
D/KeyguardViewMediator( 158): setHidden false
D/KeyguardViewMediator( 158): setHidden false
I/AudioService( 158): AudioFocus abandonAudioFocus() from android.media.AudioManager@2b02b770com.mxtech.videoplayer.ce@2b046040
D/KeyguardViewMediator( 158): setHidden false
I/AudioService( 158): Remote Control unregisterMediaButtonEventReceiver() for ComponentInfo{com.mxtech.videoplayer.pro/com.mxtech.videoplayer.RemoteControlReceiver}
I/MainActivity( 5575): Time to reconnect!
W/WindowManager( 158): Reached focused app: AppWindowToken{2b544230 token=HistoryRecord{2b2eadb0 tallus.android.sagetv/.show.ShowDetails}}
D/KeyguardViewMediator( 158): setHidden false
D/KeyguardViewMediator( 158): setHidden false
D/KeyguardViewMediator( 158): setHidden false
D/KeyguardViewMediator( 158): setHidden false
D/KeyguardViewMediator( 158): setHidden false
D/KeyguardViewMediator( 158): setHidden false
D/dalvikvm( 257): GC_EXTERNAL_ALLOC freed 150K, 52% free 3284K/6791K, external 6529K/6543K, paused 298ms
D/KeyguardViewMediator( 158): setHidden false
D/KeyguardViewMediator( 158): setHidden false
D/KeyguardViewMediator( 158): setHidden false
D/KeyguardViewMediator( 158): setHidden false
W/IInputConnectionWrapper( 5641): showStatusIcon on inactive InputConnection
D/KeyguardViewMediator( 158): setHidden false
D/KeyguardViewMediator( 158): setHidden false
D/KeyguardViewMediator( 158): setHidden false
D/KeyguardViewMediator( 158): setHidden false
D/KeyguardViewMediator( 158): setHidden false
D/KeyguardViewMediator( 158): setHidden false
D/KeyguardViewMediator( 158): setHidden false
D/KeyguardViewMediator( 158): setHidden false
D/KeyguardViewMediator( 158): setHidden false
D/KeyguardViewMediator( 158): setHidden false
D/KeyguardViewMediator( 158): setHidden false
D/KeyguardViewMediator( 158): setHidden false
D/KeyguardViewMediator( 158): setHidden false
D/KeyguardViewMediator( 158): setHidden false
D/KeyguardViewMediator( 158): setHidden false
D/KeyguardViewMediator( 158): setHidden false
D/KeyguardViewMediator( 158): setHidden false
D/KeyguardViewMediator( 158): setHidden false
D/KeyguardViewMediator( 158): setHidden false
D/KeyguardViewMediator( 158): setHidden false
D/KeyguardViewMediator( 158): setHidden false
D/KeyguardViewMediator( 158): setHidden false
