{\rtf1\ansi\ansicpg1252\cocoartf2576 \cocoatextscaling0\cocoaplatform0{\fonttbl\f0\fnil\fcharset0 Menlo-Regular;} {\colortbl;\red255\green255\blue255;\red0\green0\blue0;} {\*\expandedcolortbl;;\csgray\c0;} \margl1440\margr1440\vieww11520\viewh8400\viewkind0 \pard\tx560\tx1120\tx1680\tx2240\tx2800\tx3360\tx3920\tx4480\tx5040\tx5600\tx6160\tx6720\pardirnatural\partightenfactor0 \f0\fs22 \cf2 \CocoaLigature0
01-26 09:08:20.602 14940 15163 D sagex.miniclient.MiniClientConnection: [GFX-192.168.1.228] DEBUG - SetProperty MENU_HINT=menuName:LiveTVGuide w/ Optional Preview, popupName:null, hasTextInput:false\
01-26 09:08:20.727 14940 15162 D sagex.miniclient.MediaCmd: [Media-192.168.1.228] DEBUG - JVL - MEDIACMD_OPENURL push:\
01-26 09:08:20.727 14940 15162 D sagex.miniclient.android.gdx.MiniClientGDXRenderer: [Media-192.168.1.228] DEBUG - New Player Requested\
01-26 09:08:20.727 14940 15162 I sagex.miniclient.android.video.exoplayer2.Exo2MediaPlayerImpl: [Media-192.168.1.228] INFO - Freeing Media Player\
01-26 09:08:20.727 14940 15162 D sagex.miniclient.android.gdx.MiniClientGDXRenderer: [Media-192.168.1.228] DEBUG - Using ExoPlayer\
01-26 09:08:20.727 14940 15162 D sagex.miniclient.android.video.exoplayer2.Exo2MediaPlayerImpl: [Media-192.168.1.228] DEBUG - load(): url: stv://192.168.1.228/push:\
01-26 09:08:20.727 14940 14940 D sagex.miniclient.android.UIActivityLifeCycleHandler: [main] DEBUG - Setting up the Video Frame\
01-26 09:08:20.727 14940 15162 D sagex.miniclient.MediaCmd: [Media-192.168.1.228] DEBUG - JVL - Stream Type: 0 Stream Pos: 257\
01-26 09:08:20.728 14940 15162 D sagex.miniclient.MediaCmd: [Media-192.168.1.228] DEBUG - JVL - Changing Audio Track\
01-26 09:08:20.728 14940 15162 D sagex.miniclient.MediaCmd: [Media-192.168.1.228] DEBUG - Pause was called\
01-26 09:08:20.728 14940 15162 D sagex.miniclient.android.video.exoplayer2.Exo2MediaPlayerImpl: [Media-192.168.1.228] DEBUG - Pause was called\
01-26 09:08:20.729 14940 14940 D sagex.miniclient.android.video.exoplayer2.Exo2MediaPlayerImpl: [main] DEBUG - Setting up the Exo2 media player for: stv://192.168.1.228/push:\
01-26 09:08:20.729 14940 14940 D sagex.miniclient.android.video.exoplayer2.Exo2MediaPlayerImpl: [main] DEBUG - Creating Exo2PushDataSource datasource\
01-26 09:08:20.729 14940 14940 D sagex.miniclient.android.video.exoplayer2.Exo2PushDataSource: [main] DEBUG - ExoNative datasource being created.\
01-26 09:08:20.729 14940 14940 D sagex.miniclient.android.video.exoplayer2.Exo2MediaPlayerImpl: [main] DEBUG - Setting FFmpeg Extension to On\
01-26 09:08:20.732 14940 14940 I DefaultRenderersFactory: Loaded FfmpegAudioRenderer.\
01-26 09:08:20.733 14940 14940 I ExoPlayerImpl: Init 45a68b6 [ExoPlayerLib/2.16.1] [darcy, SHIELD Android TV, NVIDIA, 30]\
01-26 09:08:20.738 14940 14940 D sagex.miniclient.android.video.exoplayer2.Exo2MediaPlayerImpl: [main] DEBUG - ExoLogging - Preparing playback\
01-26 09:08:20.739 14940 14940 D sagex.miniclient.android.video.exoplayer2.Exo2MediaPlayerImpl: [main] DEBUG - Video Player is online\
01-26 09:08:20.739 14940 14940 D sagex.miniclient.android.video.exoplayer2.Exo2MediaPlayerImpl: [main] DEBUG - Creating handler\
01-26 09:08:20.740 14940 17428 D sagex.miniclient.net.PushBufferDataSource: [ExoPlayer:Loader:ProgressiveMediaPeriod] DEBUG - Open Called: stv://192.168.1.228/push:\
01-26 09:08:20.742 14940 14940 D sagex.miniclient.android.video.exoplayer2.Exo2MediaPlayerImpl: [main] DEBUG - Pause was called\
01-26 09:08:20.754 14940 14960 I ndroid.tv.debu: Waiting for a blocking GC ProfileSaver\
01-26 09:08:20.762 14940 14960 I ndroid.tv.debu: WaitForGcToComplete blocked ProfileSaver on HeapTrim for 8.579ms\
01-26 09:08:20.774 14940 15163 D sagex.miniclient.MiniClientConnection: [GFX-192.168.1.228] DEBUG - Setting MENU_HINT: MenuHint\{hasTextInput=false, menuName='MediaPlayer OSD', popupName='null'\}\
01-26 09:08:20.774 14940 15163 D sagex.miniclient.MiniClientConnection: [GFX-192.168.1.228] DEBUG - SetProperty MENU_HINT=menuName:MediaPlayer OSD, popupName:null, hasTextInput:false\
01-26 09:08:20.789 14940 15162 D sagex.miniclient.MediaCmd: [Media-192.168.1.228] DEBUG - Flush - Flush called on pushMode. Setting last server time to -1\
01-26 09:08:20.789 14940 15162 D sagex.miniclient.android.video.exoplayer2.Exo2MediaPlayerImpl: [Media-192.168.1.228] DEBUG - ExoLogging - Flush being called\
01-26 09:08:20.789 14940 15162 D sagex.miniclient.android.video.exoplayer2.Exo2MediaPlayerImpl: [Media-192.168.1.228] DEBUG - JVL - flush called!\
01-26 09:08:20.789 14940 15162 D sagex.miniclient.android.video.exoplayer2.Exo2MediaPlayerImpl: [Media-192.168.1.228] DEBUG - dispose()\
01-26 09:08:20.789 14940 15162 D sagex.miniclient.android.video.exoplayer2.Exo2MediaPlayerImpl: [Media-192.168.1.228] DEBUG - JVL - HasPushBuffer flush called!\
01-26 09:08:20.789 14940 15162 D sagex.miniclient.net.PushBufferDataSource: [Media-192.168.1.228] DEBUG - FLUSH()\
01-26 09:08:20.790 14940 17428 D sagex.miniclient.net.PushBufferDataSource: [ExoPlayer:Loader:ProgressiveMediaPeriod] DEBUG - close() for a push is ignored, until the release() is called.\
01-26 09:08:20.790 14940 14940 D sagex.miniclient.android.video.exoplayer2.Exo2MediaPlayerImpl: [main] DEBUG - After Flush was called Current Playback Position: 0:00\
01-26 09:08:20.791 14940 17429 W sagex.miniclient.net.PushBufferDataSource: [ExoPlayer:Loader:ProgressiveMediaPeriod] WARN - opened called on an already opened push buffer, will ignore\
01-26 09:08:20.792 14940 15162 D sagex.miniclient.MediaCmd: [Media-192.168.1.228] DEBUG - Play was called\
01-26 09:08:20.792 14940 15162 D sagex.miniclient.android.video.exoplayer2.Exo2MediaPlayerImpl: [Media-192.168.1.228] DEBUG - Play was called\
01-26 09:08:20.792 14940 14940 D sagex.miniclient.android.video.exoplayer2.Exo2MediaPlayerImpl: [main] DEBUG - Start was called\
01-26 09:08:20.800 14940 15162 D sagex.miniclient.android.video.exoplayer2.Exo2MediaPlayerImpl: [Media-192.168.1.228] DEBUG - getMediaTimeMillis(): Player seeking or waiting for data, returning 0\
01-26 09:08:20.839 14940 15163 D sagex.miniclient.android.video.exoplayer2.Exo2MediaPlayerImpl: [GFX-192.168.1.228] DEBUG - setVideoRectangles: SRC: Rectangle\{x=0, y=0, width=0, height=0\}, DEST: Rectangle\{x=2048, y=2048, width=4096, height=4096\}\
01-26 09:08:20.840 14940 15163 D sagex.miniclient.android.video.exoplayer2.Exo2MediaPlayerImpl: [GFX-192.168.1.228] DEBUG - Updating Full Screen Video View from Rectangle\{x=2048, y=2048, width=4096, height=4096\} to Rectangle\{x=0, y=0, width=1920, height=1080\} adjusted with AR: Rectangle\{x=0, y=0, width=1920, height=1080\}\
01-26 09:08:20.840 14940 14940 D sagex.miniclient.android.video.exoplayer2.Exo2MediaPlayerImpl: [main] DEBUG - updatePlayerView: Video Size Rectangle\{x=0, y=0, width=1920, height=1080\}\
01-26 09:08:20.840 14940 15163 D sagex.miniclient.android.gdx.MiniClientGDXRenderer: [GFX-192.168.1.228] DEBUG - Set Video Bounds: SRC:Rectangle\{x=0, y=0, width=0, height=0\}, DEST:Rectangle\{x=2048, y=2048, width=4096, height=4096\}\
01-26 09:08:20.851 14940 15162 D sagex.miniclient.android.video.exoplayer2.Exo2MediaPlayerImpl: [Media-192.168.1.228] DEBUG - getMediaTimeMillis(): Player seeking or waiting for data, returning 0\
01-26 09:08:20.855 14940 15163 D sagex.miniclient.android.video.exoplayer2.Exo2MediaPlayerImpl: [GFX-192.168.1.228] DEBUG - setVideoRectangles: SRC: Rectangle\{x=0, y=0, width=0, height=0\}, DEST: Rectangle\{x=2048, y=2048, width=4096, height=4096\}\
01-26 09:08:20.855 14940 15163 D sagex.miniclient.android.gdx.MiniClientGDXRenderer: [GFX-192.168.1.228] DEBUG - Set Video Bounds: SRC:Rectangle\{x=0, y=0, width=0, height=0\}, DEST:Rectangle\{x=2048, y=2048, width=4096, height=4096\}\
01-26 09:08:20.901 14940 15162 D sagex.miniclient.android.video.exoplayer2.Exo2MediaPlayerImpl: [Media-192.168.1.228] DEBUG - getMediaTimeMillis(): Player seeking or waiting for data, returning 0\
01-26 09:08:21.002 14940 15162 I chatty : uid=10135(jvl.sage.miniclient.android.tv.debug) a-192.168.1.228 identical 2 lines\
01-26 09:08:21.052 14940 15162 D sagex.miniclient.android.video.exoplayer2.Exo2MediaPlayerImpl: [Media-192.168.1.228] DEBUG - getMediaTimeMillis(): Player seeking or waiting for data, returning 0\
01-26 09:08:21.071 3380 3483 V hdcp up : tsec_version: 1\
01-26 09:08:21.103 14940 15162 D sagex.miniclient.android.video.exoplayer2.Exo2MediaPlayerImpl: [Media-192.168.1.228] DEBUG - getMediaTimeMillis(): Player seeking or waiting for data, returning 0\
01-26 09:08:21.355 14940 15162 I chatty : uid=10135(jvl.sage.miniclient.android.tv.debug) a-192.168.1.228 identical 5 lines\
01-26 09:08:21.405 14940 15162 D sagex.miniclient.android.video.exoplayer2.Exo2MediaPlayerImpl: [Media-192.168.1.228] DEBUG - getMediaTimeMillis(): Player seeking or waiting for data, returning 0\ }